{"id":6688,"date":"2021-01-24T10:38:50","date_gmt":"2021-01-24T10:38:50","guid":{"rendered":"http:\/\/staging.megapharm.al\/\/index.php\/product\/import-placeholder-for-2885\/"},"modified":"2021-01-24T10:38:56","modified_gmt":"2021-01-24T10:38:56","slug":"hard-paste","status":"publish","type":"product","link":"https:\/\/staging.megapharm.al\/?product=hard-paste","title":{"rendered":"Hard Paste"},"content":{"rendered":"<p>Paste e fort\u00eb e mbajtjes me p\u00ebrfundim matte Siguron fiksim t\u00eb fort\u00eb dhe fleksib\u00ebl. Rekomandohet p\u00ebr nj\u00eb prerje t\u00eb mesme dhe t\u00eb shkurt\u00ebr. I pasur asur me ekstrakte bimore p\u00ebr nj\u00eb veprim rigjenerues.<br \/>\nSasia: 100 ml<\/p>\n","protected":false},"excerpt":{"rendered":"<p>Paste e fort\u00eb e mbajtjes me p\u00ebrfundim matte Siguronfiksimt\u00ebfort\u00ebdhefleksib\u00ebl. Rekomandohetp\u00ebrnj\u00ebprerjet\u00ebmesmedhet\u00ebshkurt\u00ebr. Pasur me ekstrakte bimore p\u00ebr nj\u00eb veprim rigjenerues.<br \/>\nSasia: 100 ml<\/p>\n","protected":false},"featured_media":5845,"comment_status":"open","ping_status":"closed","template":"","meta":[],"product_brand":[],"product_cat":[122],"product_tag":[],"class_list":{"0":"post-6688","1":"product","2":"type-product","3":"status-publish","4":"has-post-thumbnail","6":"product_cat-farmagan","8":"first","9":"instock","10":"shipping-taxable","11":"product-type-simple"},"_links":{"self":[{"href":"https:\/\/staging.megapharm.al\/index.php?rest_route=\/wp\/v2\/product\/6688","targetHints":{"allow":["GET"]}}],"collection":[{"href":"https:\/\/staging.megapharm.al\/index.php?rest_route=\/wp\/v2\/product"}],"about":[{"href":"https:\/\/staging.megapharm.al\/index.php?rest_route=\/wp\/v2\/types\/product"}],"replies":[{"embeddable":true,"href":"https:\/\/staging.megapharm.al\/index.php?rest_route=%2Fwp%2Fv2%2Fcomments&post=6688"}],"wp:featuredmedia":[{"embeddable":true,"href":"https:\/\/staging.megapharm.al\/index.php?rest_route=\/wp\/v2\/media\/5845"}],"wp:attachment":[{"href":"https:\/\/staging.megapharm.al\/index.php?rest_route=%2Fwp%2Fv2%2Fmedia&parent=6688"}],"wp:term":[{"taxonomy":"product_brand","embeddable":true,"href":"https:\/\/staging.megapharm.al\/index.php?rest_route=%2Fwp%2Fv2%2Fproduct_brand&post=6688"},{"taxonomy":"product_cat","embeddable":true,"href":"https:\/\/staging.megapharm.al\/index.php?rest_route=%2Fwp%2Fv2%2Fproduct_cat&post=6688"},{"taxonomy":"product_tag","embeddable":true,"href":"https:\/\/staging.megapharm.al\/index.php?rest_route=%2Fwp%2Fv2%2Fproduct_tag&post=6688"}],"curies":[{"name":"wp","href":"https:\/\/api.w.org\/{rel}","templated":true}]}}