{"id":6687,"date":"2021-01-24T10:38:49","date_gmt":"2021-01-24T10:38:49","guid":{"rendered":"http:\/\/staging.megapharm.al\/\/index.php\/product\/import-placeholder-for-2884\/"},"modified":"2021-01-24T10:38:56","modified_gmt":"2021-01-24T10:38:56","slug":"hair-beard","status":"publish","type":"product","link":"https:\/\/staging.megapharm.al\/?product=hair-beard","title":{"rendered":"Hair &amp; Beard"},"content":{"rendered":"<p>Shampo freskuese me veprim balsamik, ajo jep nj\u00eb ndjesi t\u00eb k\u00ebndshme t\u00eb freskis\u00eb n\u00eb l\u00ebkur\u00eb dhe mjek\u00ebr.<br \/>\nShampoja mund t\u00eb p\u00ebrdoret gjithashtu p\u00ebr pastrimin e trupit.<br \/>\nSasia: 300 ml<\/p>\n","protected":false},"excerpt":{"rendered":"<p>Shampo freskuese me veprim balsamik, ajo jep nj\u00eb ndjesi t\u00eb k\u00ebndshme t\u00eb freskis\u00eb n\u00eb l\u00ebkur\u00eb dhe mjek\u00ebr.<br \/>\nShampoja mund t\u00eb p\u00ebrdoret gjithashtu p\u00ebr pastrimin e trupit.<br \/>\nSasia: 300 ml<\/p>\n","protected":false},"featured_media":5844,"comment_status":"open","ping_status":"closed","template":"","meta":[],"product_brand":[],"product_cat":[122],"product_tag":[],"class_list":{"0":"post-6687","1":"product","2":"type-product","3":"status-publish","4":"has-post-thumbnail","6":"product_cat-farmagan","8":"first","9":"instock","10":"shipping-taxable","11":"product-type-simple"},"_links":{"self":[{"href":"https:\/\/staging.megapharm.al\/index.php?rest_route=\/wp\/v2\/product\/6687","targetHints":{"allow":["GET"]}}],"collection":[{"href":"https:\/\/staging.megapharm.al\/index.php?rest_route=\/wp\/v2\/product"}],"about":[{"href":"https:\/\/staging.megapharm.al\/index.php?rest_route=\/wp\/v2\/types\/product"}],"replies":[{"embeddable":true,"href":"https:\/\/staging.megapharm.al\/index.php?rest_route=%2Fwp%2Fv2%2Fcomments&post=6687"}],"wp:featuredmedia":[{"embeddable":true,"href":"https:\/\/staging.megapharm.al\/index.php?rest_route=\/wp\/v2\/media\/5844"}],"wp:attachment":[{"href":"https:\/\/staging.megapharm.al\/index.php?rest_route=%2Fwp%2Fv2%2Fmedia&parent=6687"}],"wp:term":[{"taxonomy":"product_brand","embeddable":true,"href":"https:\/\/staging.megapharm.al\/index.php?rest_route=%2Fwp%2Fv2%2Fproduct_brand&post=6687"},{"taxonomy":"product_cat","embeddable":true,"href":"https:\/\/staging.megapharm.al\/index.php?rest_route=%2Fwp%2Fv2%2Fproduct_cat&post=6687"},{"taxonomy":"product_tag","embeddable":true,"href":"https:\/\/staging.megapharm.al\/index.php?rest_route=%2Fwp%2Fv2%2Fproduct_tag&post=6687"}],"curies":[{"name":"wp","href":"https:\/\/api.w.org\/{rel}","templated":true}]}}