{"id":6680,"date":"2021-01-24T10:38:48","date_gmt":"2021-01-24T10:38:48","guid":{"rendered":"http:\/\/staging.megapharm.al\/\/index.php\/product\/import-placeholder-for-2877\/"},"modified":"2021-01-24T10:38:54","modified_gmt":"2021-01-24T10:38:54","slug":"shave-after-shave-oil","status":"publish","type":"product","link":"https:\/\/staging.megapharm.al\/?product=shave-after-shave-oil","title":{"rendered":"Shave &amp; After Shave Oil"},"content":{"rendered":"<p>Vaj zbut\u00ebs p\u00eb rrruajtje dhe pas rruajtjes<br \/>\nVaj hidratues dhe qet\u00ebsues, p\u00ebrzierje e arganit natyral, ullirit, lulediellit, kanell\u00ebs dhe vajrave t\u00eb bajames s\u00eb \u00ebmb\u00ebl. Zbut l\u00ebkur\u00ebn dhe mjekr\u00ebn para rruajtjes dhe qet\u00ebson irritimet, duke siguruar ekuilibrin e l\u00ebkur\u00ebs pas rruajtjes.<br \/>\nSasia: 30 ml<\/p>\n","protected":false},"excerpt":{"rendered":"<p>Vaj zbut\u00ebs p\u00eb rrruajtje dhe pas rruajtjes<br \/>\nVaj hidratues dhe qet\u00ebsues, p\u00ebrzierje e arganit natyral, ullirit, lulediellit, kanell\u00ebs dhe vajrave t\u00eb bajames s\u00eb \u00ebmb\u00ebl. Zbut l\u00ebkur\u00ebn dhe mjekr\u00ebn para rruajtjes dhe qet\u00ebson irritimet, duke siguruar ekuilibrin e l\u00ebkur\u00ebs pas rruajtjes.<br \/>\nSasia: 30 ml<\/p>\n","protected":false},"featured_media":5837,"comment_status":"open","ping_status":"closed","template":"","meta":[],"product_brand":[],"product_cat":[122],"product_tag":[],"class_list":{"0":"post-6680","1":"product","2":"type-product","3":"status-publish","4":"has-post-thumbnail","6":"product_cat-farmagan","8":"first","9":"instock","10":"shipping-taxable","11":"product-type-simple"},"_links":{"self":[{"href":"https:\/\/staging.megapharm.al\/index.php?rest_route=\/wp\/v2\/product\/6680","targetHints":{"allow":["GET"]}}],"collection":[{"href":"https:\/\/staging.megapharm.al\/index.php?rest_route=\/wp\/v2\/product"}],"about":[{"href":"https:\/\/staging.megapharm.al\/index.php?rest_route=\/wp\/v2\/types\/product"}],"replies":[{"embeddable":true,"href":"https:\/\/staging.megapharm.al\/index.php?rest_route=%2Fwp%2Fv2%2Fcomments&post=6680"}],"wp:featuredmedia":[{"embeddable":true,"href":"https:\/\/staging.megapharm.al\/index.php?rest_route=\/wp\/v2\/media\/5837"}],"wp:attachment":[{"href":"https:\/\/staging.megapharm.al\/index.php?rest_route=%2Fwp%2Fv2%2Fmedia&parent=6680"}],"wp:term":[{"taxonomy":"product_brand","embeddable":true,"href":"https:\/\/staging.megapharm.al\/index.php?rest_route=%2Fwp%2Fv2%2Fproduct_brand&post=6680"},{"taxonomy":"product_cat","embeddable":true,"href":"https:\/\/staging.megapharm.al\/index.php?rest_route=%2Fwp%2Fv2%2Fproduct_cat&post=6680"},{"taxonomy":"product_tag","embeddable":true,"href":"https:\/\/staging.megapharm.al\/index.php?rest_route=%2Fwp%2Fv2%2Fproduct_tag&post=6680"}],"curies":[{"name":"wp","href":"https:\/\/api.w.org\/{rel}","templated":true}]}}