{"id":6499,"date":"2021-01-24T10:37:09","date_gmt":"2021-01-24T10:37:09","guid":{"rendered":"http:\/\/staging.megapharm.al\/\/index.php\/product\/import-placeholder-for-2692\/"},"modified":"2021-01-24T10:37:14","modified_gmt":"2021-01-24T10:37:14","slug":"magic-powder-eyeshadow-pencil","status":"publish","type":"product","link":"https:\/\/staging.megapharm.al\/?product=magic-powder-eyeshadow-pencil","title":{"rendered":"Magic Powder Eyeshadow Pencil"},"content":{"rendered":"<p>Laps p\u00ebr syt\u00eb mjaft i thjesht n\u00eb aplikim, duke i dh\u00ebn\u00eb syve nj\u00eb shk\u00eblqim t\u00eb menj\u00ebhersh\u00ebm.<br \/>\nKy produkt vjen n\u00eb 4 ngjyra.<br \/>\nP\u00ebrb\u00ebr\u00ebs kryesor\u00eb<br \/>\nAcid Hialuronik<br \/>\nVitamine E<br \/>\nDermatologjikisht dhe oftalmologjikisht t\u00eb testuara.<br \/>\nT\u00eb p\u00ebrshtatshme p\u00ebr sy sensitive dhe p\u00ebr persona t\u00eb cil\u00ebt p\u00ebrdorin lente kontakti.<br \/>\nT\u00eb testuara p\u00ebr Nikel, Kobalt, Krom, Paladium dhe Merkur.<\/p>\n","protected":false},"excerpt":{"rendered":"<p>Laps p\u00ebr syt\u00eb mjaft i thjesht n\u00eb aplikim, duke i dh\u00ebn\u00eb syve nj\u00eb shk\u00eblqim t\u00eb menj\u00ebhersh\u00ebm.<br \/>\nKy produkt vjen n\u00eb 4 ngjyra.<br \/>\nP\u00ebrb\u00ebr\u00ebs kryesor\u00eb<br \/>\nAcid Hialuronik<br \/>\nVitamine E<br \/>\nDermatologjikisht dhe oftalmologjikisht t\u00eb testuara.<br \/>\nT\u00eb p\u00ebrshtatshme p\u00ebr sy sensitive dhe p\u00ebr persona t\u00eb cil\u00ebt p\u00ebrdorin lente kontakti.<br \/>\nT\u00eb testuara p\u00ebr Nikel, Kobalt, Krom, Paladium dhe Merkur.<\/p>\n","protected":false},"featured_media":5776,"comment_status":"open","ping_status":"closed","template":"","meta":[],"product_brand":[],"product_cat":[124],"product_tag":[],"class_list":{"0":"post-6499","1":"product","2":"type-product","3":"status-publish","4":"has-post-thumbnail","6":"product_cat-korff","8":"first","9":"instock","10":"shipping-taxable","11":"product-type-simple"},"_links":{"self":[{"href":"https:\/\/staging.megapharm.al\/index.php?rest_route=\/wp\/v2\/product\/6499","targetHints":{"allow":["GET"]}}],"collection":[{"href":"https:\/\/staging.megapharm.al\/index.php?rest_route=\/wp\/v2\/product"}],"about":[{"href":"https:\/\/staging.megapharm.al\/index.php?rest_route=\/wp\/v2\/types\/product"}],"replies":[{"embeddable":true,"href":"https:\/\/staging.megapharm.al\/index.php?rest_route=%2Fwp%2Fv2%2Fcomments&post=6499"}],"wp:featuredmedia":[{"embeddable":true,"href":"https:\/\/staging.megapharm.al\/index.php?rest_route=\/wp\/v2\/media\/5776"}],"wp:attachment":[{"href":"https:\/\/staging.megapharm.al\/index.php?rest_route=%2Fwp%2Fv2%2Fmedia&parent=6499"}],"wp:term":[{"taxonomy":"product_brand","embeddable":true,"href":"https:\/\/staging.megapharm.al\/index.php?rest_route=%2Fwp%2Fv2%2Fproduct_brand&post=6499"},{"taxonomy":"product_cat","embeddable":true,"href":"https:\/\/staging.megapharm.al\/index.php?rest_route=%2Fwp%2Fv2%2Fproduct_cat&post=6499"},{"taxonomy":"product_tag","embeddable":true,"href":"https:\/\/staging.megapharm.al\/index.php?rest_route=%2Fwp%2Fv2%2Fproduct_tag&post=6499"}],"curies":[{"name":"wp","href":"https:\/\/api.w.org\/{rel}","templated":true}]}}