{"id":6488,"date":"2021-01-24T10:36:57","date_gmt":"2021-01-24T10:36:57","guid":{"rendered":"http:\/\/staging.megapharm.al\/\/index.php\/product\/import-placeholder-for-2681\/"},"modified":"2021-01-24T10:37:04","modified_gmt":"2021-01-24T10:37:04","slug":"waterproof-mascara","status":"publish","type":"product","link":"https:\/\/staging.megapharm.al\/?product=waterproof-mascara","title":{"rendered":"Waterproof Mascara"},"content":{"rendered":"<p>Rimel Waterproof (kund\u00ebrujit) p\u00ebr efekt m\u00eb intensive dhe qerpik\u00eb m\u00eb t\u00eb gjat\u00eb. Me vet\u00ebm nj\u00eb kalim qerpik\u00ebt jan\u00eb m\u00eb t\u00eb gjat\u00eb dhe shikimi m\u00eb intensiv. Formul\u00eb e pasur me Vitamin\u00eb E, dyll blet\u00ebsh dhe nj\u00eb derivate t\u00eb vajit t\u00eb linit q\u00ebushqejn\u00eb dhe zbusin qerpik\u00ebt.<br \/>\nPa parfum.<br \/>\nTestuar dermatologjikisht dhe oftalmologjikisht. Testuar p\u00ebr Nikel, Kobalt, Krom, Paladium dhe M\u00ebrkur.<\/p>\n","protected":false},"excerpt":{"rendered":"<p>Rimel Waterproof (kund\u00ebrujit) p\u00ebr efekt m\u00eb intensive dhe qerpik\u00eb m\u00eb t\u00eb gjat\u00eb. Me vet\u00ebm nj\u00eb kalim qerpik\u00ebt jan\u00eb m\u00eb t\u00eb gjat\u00eb dhe shikimi m\u00eb intensiv. Formul\u00eb e pasur me Vitamin\u00eb E, dyll blet\u00ebsh dhe nj\u00eb derivate t\u00eb vajit t\u00eb linit q\u00ebushqejn\u00eb dhe zbusin qerpik\u00ebt.<br \/>\nPa parfum.<br \/>\nTestuar dermatologjikisht dhe oftalmologjikisht. Testuar p\u00ebr Nikel, Kobalt, Krom, Paladium dhe M\u00ebrkur.<\/p>\n","protected":false},"featured_media":5765,"comment_status":"open","ping_status":"closed","template":"","meta":[],"product_brand":[],"product_cat":[124],"product_tag":[],"class_list":{"0":"post-6488","1":"product","2":"type-product","3":"status-publish","4":"has-post-thumbnail","6":"product_cat-korff","8":"first","9":"instock","10":"shipping-taxable","11":"product-type-simple"},"_links":{"self":[{"href":"https:\/\/staging.megapharm.al\/index.php?rest_route=\/wp\/v2\/product\/6488","targetHints":{"allow":["GET"]}}],"collection":[{"href":"https:\/\/staging.megapharm.al\/index.php?rest_route=\/wp\/v2\/product"}],"about":[{"href":"https:\/\/staging.megapharm.al\/index.php?rest_route=\/wp\/v2\/types\/product"}],"replies":[{"embeddable":true,"href":"https:\/\/staging.megapharm.al\/index.php?rest_route=%2Fwp%2Fv2%2Fcomments&post=6488"}],"wp:featuredmedia":[{"embeddable":true,"href":"https:\/\/staging.megapharm.al\/index.php?rest_route=\/wp\/v2\/media\/5765"}],"wp:attachment":[{"href":"https:\/\/staging.megapharm.al\/index.php?rest_route=%2Fwp%2Fv2%2Fmedia&parent=6488"}],"wp:term":[{"taxonomy":"product_brand","embeddable":true,"href":"https:\/\/staging.megapharm.al\/index.php?rest_route=%2Fwp%2Fv2%2Fproduct_brand&post=6488"},{"taxonomy":"product_cat","embeddable":true,"href":"https:\/\/staging.megapharm.al\/index.php?rest_route=%2Fwp%2Fv2%2Fproduct_cat&post=6488"},{"taxonomy":"product_tag","embeddable":true,"href":"https:\/\/staging.megapharm.al\/index.php?rest_route=%2Fwp%2Fv2%2Fproduct_tag&post=6488"}],"curies":[{"name":"wp","href":"https:\/\/api.w.org\/{rel}","templated":true}]}}