{"id":6473,"date":"2021-01-24T10:36:55","date_gmt":"2021-01-24T10:36:55","guid":{"rendered":"http:\/\/staging.megapharm.al\/\/index.php\/product\/import-placeholder-for-2666\/"},"modified":"2021-01-24T10:37:01","modified_gmt":"2021-01-24T10:37:01","slug":"long-lasting-foundation-spf-15","status":"publish","type":"product","link":"https:\/\/staging.megapharm.al\/?product=long-lasting-foundation-spf-15","title":{"rendered":"Long Lasting foundation SPF 15"},"content":{"rendered":"<p>Long Lasting foundation SPF 15 me texture kremoze.<br \/>\nVecorit\u00eb<br \/>\n\u2022 Mbulon imperfeksionet e l\u00ebkur\u00ebs, rrudhat e holla, shenjat e lodhjes n\u00eb m\u00ebnyr\u00eb mjaft natyrale.<br \/>\n\u2022 E pasur me Acid Hialuronik dhe Vitamin\u00eb E.<br \/>\n\u2022Filtrat UVA SPF 15 mbrojn\u00eb l\u00ebkur\u00ebn nga rrezet e d\u00ebmshme t\u00eb diellit dhe foto-plakja.<br \/>\n\u2022 Qendrim perfekt deri n\u00eb 16 or\u00eb<br \/>\n\u2022 Mbulon n\u00eb m\u00ebnyr\u00eb perfekte dhe perhapet leht\u00ebsisht n\u00eb l\u00ebkur\u00eb.<br \/>\n\u2022L\u00ebkura e fytyr\u00ebs \u00ebsht\u00eb e l\u00ebmuar dhe e hidratuar gjat\u00eb gjith\u00eb dit\u00ebs.<br \/>\n\u2022 Keshillohet per cdo tip l\u00ebkure<br \/>\n\u2022 6 nuanca<br \/>\nTestuar klinikisht dhe dermatologjikisht. Testuar p\u00ebr Nikel, Kobalt, Krom, Paladium dhe M\u00ebrkur.<\/p>\n","protected":false},"excerpt":{"rendered":"<p>Long Lasting foundation SPF 15 me texture kremoze.<br \/>\nVecorit\u00eb<br \/>\n\u2022 Mbulon imperfeksionet e l\u00ebkur\u00ebs, rrudhat e holla, shenjat e lodhjes n\u00eb m\u00ebnyr\u00eb mjaft natyrale.<br \/>\n\u2022 E pasur me Acid Hialuronik dhe Vitamin\u00eb E.<br \/>\n\u2022Filtrat UVA SPF 15 mbrojn\u00eb l\u00ebkur\u00ebn nga rrezet e d\u00ebmshme t\u00eb diellit dhe foto-plakja.<br \/>\n\u2022 Qendrim perfekt deri n\u00eb 16 or\u00eb<br \/>\n\u2022 Mbulon n\u00eb m\u00ebnyr\u00eb perfekte dhe perhapet leht\u00ebsisht n\u00eb l\u00ebkur\u00eb.<br \/>\n\u2022L\u00ebkura e fytyr\u00ebs \u00ebsht\u00eb e l\u00ebmuar dhe e hidratuar gjat\u00eb gjith\u00eb dit\u00ebs.<br \/>\n\u2022 Keshillohet per cdo tip l\u00ebkure<br \/>\n\u2022 6 nuanca<br \/>\nTestuar klinikisht dhe dermatologjikisht. Testuar p\u00ebr Nikel, Kobalt, Krom, Paladium dhe M\u00ebrkur.<\/p>\n","protected":false},"featured_media":5750,"comment_status":"open","ping_status":"closed","template":"","meta":[],"product_brand":[],"product_cat":[124],"product_tag":[],"class_list":{"0":"post-6473","1":"product","2":"type-product","3":"status-publish","4":"has-post-thumbnail","6":"product_cat-korff","8":"first","9":"instock","10":"shipping-taxable","11":"product-type-simple"},"_links":{"self":[{"href":"https:\/\/staging.megapharm.al\/index.php?rest_route=\/wp\/v2\/product\/6473","targetHints":{"allow":["GET"]}}],"collection":[{"href":"https:\/\/staging.megapharm.al\/index.php?rest_route=\/wp\/v2\/product"}],"about":[{"href":"https:\/\/staging.megapharm.al\/index.php?rest_route=\/wp\/v2\/types\/product"}],"replies":[{"embeddable":true,"href":"https:\/\/staging.megapharm.al\/index.php?rest_route=%2Fwp%2Fv2%2Fcomments&post=6473"}],"wp:featuredmedia":[{"embeddable":true,"href":"https:\/\/staging.megapharm.al\/index.php?rest_route=\/wp\/v2\/media\/5750"}],"wp:attachment":[{"href":"https:\/\/staging.megapharm.al\/index.php?rest_route=%2Fwp%2Fv2%2Fmedia&parent=6473"}],"wp:term":[{"taxonomy":"product_brand","embeddable":true,"href":"https:\/\/staging.megapharm.al\/index.php?rest_route=%2Fwp%2Fv2%2Fproduct_brand&post=6473"},{"taxonomy":"product_cat","embeddable":true,"href":"https:\/\/staging.megapharm.al\/index.php?rest_route=%2Fwp%2Fv2%2Fproduct_cat&post=6473"},{"taxonomy":"product_tag","embeddable":true,"href":"https:\/\/staging.megapharm.al\/index.php?rest_route=%2Fwp%2Fv2%2Fproduct_tag&post=6473"}],"curies":[{"name":"wp","href":"https:\/\/api.w.org\/{rel}","templated":true}]}}