{"id":6450,"date":"2021-01-24T10:36:44","date_gmt":"2021-01-24T10:36:44","guid":{"rendered":"http:\/\/staging.megapharm.al\/\/index.php\/product\/import-placeholder-for-2641\/"},"modified":"2021-01-24T10:36:49","modified_gmt":"2021-01-24T10:36:49","slug":"upgrade-plumping-anti-wrinkle-and-remodelling-lip-contour-cream","status":"publish","type":"product","link":"https:\/\/staging.megapharm.al\/?product=upgrade-plumping-anti-wrinkle-and-remodelling-lip-contour-cream","title":{"rendered":"Upgrade plumping anti-wrinkle and remodelling lip contour cream"},"content":{"rendered":"<p>Emulsioni me nj\u00eb struktur\u00eb t\u00eb but\u00eb dhe p\u00ebrthithje t\u00eb shpejt\u00eb q\u00eb tonifikon, mbron dhe parandalon plakjen e zon\u00ebs perilabiale.<br \/>\nKompleksi Sculpting, me pesh\u00eb t\u00eb lart\u00eb dhe t\u00eb ul\u00ebt molekulare acidi hialuronic, vaj esencial i xhenxhefilit dhe vaji jojoba, luledielli dhe mimoze, redukton mikro-rrudhat, zbut epiderm\u00ebn dhe formon konturin e buz\u00ebve me nj\u00eb efekt fryr\u00ebs natyral.<\/p>\n","protected":false},"excerpt":{"rendered":"<p>Emulsioni me nj\u00eb struktur\u00eb t\u00eb but\u00eb dhe p\u00ebrthithje t\u00eb shpejt\u00eb q\u00eb tonifikon, mbron dhe parandalon plakjen e zon\u00ebs perilabiale.<br \/>\nKompleksi Sculpting, me pesh\u00eb t\u00eb lart\u00eb dhe t\u00eb ul\u00ebt molekulare acidi hialuronic, vaj esencial i xhenxhefilit dhe vaji jojoba, luledielli dhe mimoze, redukton mikro-rrudhat, zbut epiderm\u00ebn dhe formon konturin e buz\u00ebve me nj\u00eb efekt fryr\u00ebs natyral.<\/p>\n","protected":false},"featured_media":5727,"comment_status":"open","ping_status":"closed","template":"","meta":[],"product_brand":[],"product_cat":[124],"product_tag":[],"class_list":{"0":"post-6450","1":"product","2":"type-product","3":"status-publish","4":"has-post-thumbnail","6":"product_cat-korff","8":"first","9":"instock","10":"shipping-taxable","11":"product-type-simple"},"_links":{"self":[{"href":"https:\/\/staging.megapharm.al\/index.php?rest_route=\/wp\/v2\/product\/6450","targetHints":{"allow":["GET"]}}],"collection":[{"href":"https:\/\/staging.megapharm.al\/index.php?rest_route=\/wp\/v2\/product"}],"about":[{"href":"https:\/\/staging.megapharm.al\/index.php?rest_route=\/wp\/v2\/types\/product"}],"replies":[{"embeddable":true,"href":"https:\/\/staging.megapharm.al\/index.php?rest_route=%2Fwp%2Fv2%2Fcomments&post=6450"}],"wp:featuredmedia":[{"embeddable":true,"href":"https:\/\/staging.megapharm.al\/index.php?rest_route=\/wp\/v2\/media\/5727"}],"wp:attachment":[{"href":"https:\/\/staging.megapharm.al\/index.php?rest_route=%2Fwp%2Fv2%2Fmedia&parent=6450"}],"wp:term":[{"taxonomy":"product_brand","embeddable":true,"href":"https:\/\/staging.megapharm.al\/index.php?rest_route=%2Fwp%2Fv2%2Fproduct_brand&post=6450"},{"taxonomy":"product_cat","embeddable":true,"href":"https:\/\/staging.megapharm.al\/index.php?rest_route=%2Fwp%2Fv2%2Fproduct_cat&post=6450"},{"taxonomy":"product_tag","embeddable":true,"href":"https:\/\/staging.megapharm.al\/index.php?rest_route=%2Fwp%2Fv2%2Fproduct_tag&post=6450"}],"curies":[{"name":"wp","href":"https:\/\/api.w.org\/{rel}","templated":true}]}}