{"id":6449,"date":"2021-01-24T10:36:44","date_gmt":"2021-01-24T10:36:44","guid":{"rendered":"http:\/\/staging.megapharm.al\/\/index.php\/product\/import-placeholder-for-2640\/"},"modified":"2021-01-24T10:36:49","modified_gmt":"2021-01-24T10:36:49","slug":"upgrade-toning-remodeling-serum","status":"publish","type":"product","link":"https:\/\/staging.megapharm.al\/?product=upgrade-toning-remodeling-serum","title":{"rendered":"Upgrade Toning &amp; Remodeling Serum"},"content":{"rendered":"<p>Serum tonifikues, zbeh rrudhat dhe rind\u00ebrton konturet e fytyr\u00ebs duke i dh\u00ebn\u00eb nj\u00eb pamje me kompakte. Ky serum vepron n\u00eb l\u00ebkur\u00ebn e relaksuar p\u00ebr t\u2019i kthyer asaj tonicitetin p\u00ebr nj\u00eb pamje t\u00eb \u00e7lodhur. P\u00ebr t\u00eb gjitha tipet e l\u00ebkur\u00ebs.<br \/>\nKa nj\u00eb formule anti-rrudh\u00eb. L\u00ebkura rifiton nj\u00eb pamje t\u00eb qet\u00eb, rrudhat jan\u00eb zbehur dhe konturet e fytyr\u00ebs jan\u00eb t\u00eb tonifikuara.<\/p>\n<p>Vepron fal\u00eb nj\u00eb miksi ushqyesish specifik:<\/p>\n<p>\u25cf Sculpting Complex; ndalon \u00e7lodhjen e l\u00ebkur\u00ebs dhe tonifikon.<br \/>\n\u25cf Avena Satina Idratata; rrit elasticitetin e l\u00ebkur\u00ebs dhe rimodelon epidermen.<\/p>\n","protected":false},"excerpt":{"rendered":"<p>Serum tonifikues, zbeh rrudhat dhe rind\u00ebrton konturet e fytyr\u00ebs duke i dh\u00ebn\u00eb nj\u00eb pamje me kompakte. Ky serum vepron n\u00eb l\u00ebkur\u00ebn e relaksuar p\u00ebr t\u2019i kthyer asaj tonicitetin p\u00ebr nj\u00eb pamje t\u00eb \u00e7lodhur. P\u00ebr t\u00eb gjitha tipet e l\u00ebkur\u00ebs.<br \/>\nKa nj\u00eb formule anti-rrudh\u00eb. L\u00ebkura rifiton nj\u00eb pamje t\u00eb qet\u00eb, rrudhat jan\u00eb zbehur dhe konturet e fytyr\u00ebs jan\u00eb t\u00eb tonifikuara.<\/p>\n<p>Vepron fal\u00eb nj\u00eb miksi ushqyesish specifik:<\/p>\n<p>\u25cf Sculpting Complex; ndalon \u00e7lodhjen e l\u00ebkur\u00ebs dhe tonifikon.<br \/>\n\u25cf Avena Satina Idratata; rrit elasticitetin e l\u00ebkur\u00ebs dhe rimodelon epidermen.<\/p>\n","protected":false},"featured_media":5726,"comment_status":"open","ping_status":"closed","template":"","meta":[],"product_brand":[],"product_cat":[124],"product_tag":[],"class_list":{"0":"post-6449","1":"product","2":"type-product","3":"status-publish","4":"has-post-thumbnail","6":"product_cat-korff","8":"first","9":"instock","10":"shipping-taxable","11":"product-type-simple"},"_links":{"self":[{"href":"https:\/\/staging.megapharm.al\/index.php?rest_route=\/wp\/v2\/product\/6449","targetHints":{"allow":["GET"]}}],"collection":[{"href":"https:\/\/staging.megapharm.al\/index.php?rest_route=\/wp\/v2\/product"}],"about":[{"href":"https:\/\/staging.megapharm.al\/index.php?rest_route=\/wp\/v2\/types\/product"}],"replies":[{"embeddable":true,"href":"https:\/\/staging.megapharm.al\/index.php?rest_route=%2Fwp%2Fv2%2Fcomments&post=6449"}],"wp:featuredmedia":[{"embeddable":true,"href":"https:\/\/staging.megapharm.al\/index.php?rest_route=\/wp\/v2\/media\/5726"}],"wp:attachment":[{"href":"https:\/\/staging.megapharm.al\/index.php?rest_route=%2Fwp%2Fv2%2Fmedia&parent=6449"}],"wp:term":[{"taxonomy":"product_brand","embeddable":true,"href":"https:\/\/staging.megapharm.al\/index.php?rest_route=%2Fwp%2Fv2%2Fproduct_brand&post=6449"},{"taxonomy":"product_cat","embeddable":true,"href":"https:\/\/staging.megapharm.al\/index.php?rest_route=%2Fwp%2Fv2%2Fproduct_cat&post=6449"},{"taxonomy":"product_tag","embeddable":true,"href":"https:\/\/staging.megapharm.al\/index.php?rest_route=%2Fwp%2Fv2%2Fproduct_tag&post=6449"}],"curies":[{"name":"wp","href":"https:\/\/api.w.org\/{rel}","templated":true}]}}