{"id":6442,"date":"2021-01-24T10:36:43","date_gmt":"2021-01-24T10:36:43","guid":{"rendered":"http:\/\/staging.megapharm.al\/\/index.php\/product\/import-placeholder-for-2633\/"},"modified":"2021-01-24T10:36:48","modified_gmt":"2021-01-24T10:36:48","slug":"lifting-rich-day-cream-lifting-effect-spf-15","status":"publish","type":"product","link":"https:\/\/staging.megapharm.al\/?product=lifting-rich-day-cream-lifting-effect-spf-15","title":{"rendered":"Lifting Rich Day Cream Lifting Effect (SPF 15)"},"content":{"rendered":"<p>Lifting Rich Day Cream Lifting Effect (SPF 15) krem fytyre me nj\u00eb tekstur\u00eb t\u00eb leht\u00eb e cila p\u00ebrthithet mjaft leht\u00eb nga l\u00ebkura. Ky krem \u00ebsht\u00eb i formuluar me Avena Sativa (4%) dhe acid hialuronik me pesh\u00eb t\u00eb lart\u00eb molekulare t\u00eb cil\u00ebt relaksojn\u00eb dhe tonifikojn\u00eb l\u00ebkur\u00ebn duke kryer nj\u00eb efekt liftues n\u00eb fytyr\u00eb p\u00ebr nj\u00eb koh\u00eb t\u00eb gjat\u00eb. Ekstrakti i Goji Berry dhe nj\u00eb ekstrakt multimineral b\u00ebjn\u00eb q\u00eb l\u00ebkura t\u00eb jet\u00eb sa m\u00eb rrezatuese. P\u00ebr l\u00ebkur\u00eb normale dhe t\u00eb that\u00eb.<\/p>\n","protected":false},"excerpt":{"rendered":"<p>Lifting Rich Day Cream Lifting Effect (SPF 15) krem fytyre me nj\u00eb tekstur\u00eb t\u00eb leht\u00eb e cila p\u00ebrthithet mjaft leht\u00eb nga l\u00ebkura. Ky krem \u00ebsht\u00eb i formuluar me Avena Sativa (4%) dhe acid hialuronik me pesh\u00eb t\u00eb lart\u00eb molekulare t\u00eb cil\u00ebt relaksojn\u00eb dhe tonifikojn\u00eb l\u00ebkur\u00ebn duke kryer nj\u00eb efekt liftues n\u00eb fytyr\u00eb p\u00ebr nj\u00eb koh\u00eb t\u00eb gjat\u00eb. Ekstrakti i Goji Berry dhe nj\u00eb ekstrakt multimineral b\u00ebjn\u00eb q\u00eb l\u00ebkura t\u00eb jet\u00eb sa m\u00eb rrezatuese. P\u00ebr l\u00ebkur\u00eb normale dhe t\u00eb that\u00eb.<\/p>\n","protected":false},"featured_media":5719,"comment_status":"open","ping_status":"closed","template":"","meta":[],"product_brand":[],"product_cat":[124],"product_tag":[],"class_list":{"0":"post-6442","1":"product","2":"type-product","3":"status-publish","4":"has-post-thumbnail","6":"product_cat-korff","8":"first","9":"instock","10":"shipping-taxable","11":"product-type-simple"},"_links":{"self":[{"href":"https:\/\/staging.megapharm.al\/index.php?rest_route=\/wp\/v2\/product\/6442","targetHints":{"allow":["GET"]}}],"collection":[{"href":"https:\/\/staging.megapharm.al\/index.php?rest_route=\/wp\/v2\/product"}],"about":[{"href":"https:\/\/staging.megapharm.al\/index.php?rest_route=\/wp\/v2\/types\/product"}],"replies":[{"embeddable":true,"href":"https:\/\/staging.megapharm.al\/index.php?rest_route=%2Fwp%2Fv2%2Fcomments&post=6442"}],"wp:featuredmedia":[{"embeddable":true,"href":"https:\/\/staging.megapharm.al\/index.php?rest_route=\/wp\/v2\/media\/5719"}],"wp:attachment":[{"href":"https:\/\/staging.megapharm.al\/index.php?rest_route=%2Fwp%2Fv2%2Fmedia&parent=6442"}],"wp:term":[{"taxonomy":"product_brand","embeddable":true,"href":"https:\/\/staging.megapharm.al\/index.php?rest_route=%2Fwp%2Fv2%2Fproduct_brand&post=6442"},{"taxonomy":"product_cat","embeddable":true,"href":"https:\/\/staging.megapharm.al\/index.php?rest_route=%2Fwp%2Fv2%2Fproduct_cat&post=6442"},{"taxonomy":"product_tag","embeddable":true,"href":"https:\/\/staging.megapharm.al\/index.php?rest_route=%2Fwp%2Fv2%2Fproduct_tag&post=6442"}],"curies":[{"name":"wp","href":"https:\/\/api.w.org\/{rel}","templated":true}]}}