{"id":6434,"date":"2021-01-24T10:36:42","date_gmt":"2021-01-24T10:36:42","guid":{"rendered":"http:\/\/staging.megapharm.al\/\/index.php\/product\/import-placeholder-for-2625\/"},"modified":"2021-01-24T10:36:46","modified_gmt":"2021-01-24T10:36:46","slug":"supreme-anti-wrinkle-night-face-cream","status":"publish","type":"product","link":"https:\/\/staging.megapharm.al\/?product=supreme-anti-wrinkle-night-face-cream","title":{"rendered":"Supreme Anti-Wrinkle Night Face Cream"},"content":{"rendered":"<p>Trajtim ekskluziv anti-age q\u00eb lufton efektivisht shenjat e plakjes. Prezenca e XL-Peptideve ndihmon n\u00eb reduktimin e rrudhave dhe jep tonicitet l\u00ebkur\u00ebs. Tekstura e plot\u00eb ushqen n\u00eb thell\u00ebsi l\u00ebkur\u00ebn gjat\u00eb nat\u00ebs duke e l\u00ebn\u00eb t\u00eb but\u00eb dhe t\u00eb m\u00ebndafsht\u00eb n\u00eb prekje.<\/p>\n","protected":false},"excerpt":{"rendered":"<p>Trajtim ekskluziv anti-age q\u00eb lufton efektivisht shenjat e plakjes. Prezenca e XL-Peptideve ndihmon n\u00eb reduktimin e rrudhave dhe jep tonicitet l\u00ebkur\u00ebs. Tekstura e plot\u00eb ushqen n\u00eb thell\u00ebsi l\u00ebkur\u00ebn gjat\u00eb nat\u00ebs duke e l\u00ebn\u00eb t\u00eb but\u00eb dhe t\u00eb m\u00ebndafsht\u00eb n\u00eb prekje.<\/p>\n","protected":false},"featured_media":5711,"comment_status":"open","ping_status":"closed","template":"","meta":[],"product_brand":[],"product_cat":[124],"product_tag":[],"class_list":{"0":"post-6434","1":"product","2":"type-product","3":"status-publish","4":"has-post-thumbnail","6":"product_cat-korff","8":"first","9":"instock","10":"shipping-taxable","11":"product-type-simple"},"_links":{"self":[{"href":"https:\/\/staging.megapharm.al\/index.php?rest_route=\/wp\/v2\/product\/6434","targetHints":{"allow":["GET"]}}],"collection":[{"href":"https:\/\/staging.megapharm.al\/index.php?rest_route=\/wp\/v2\/product"}],"about":[{"href":"https:\/\/staging.megapharm.al\/index.php?rest_route=\/wp\/v2\/types\/product"}],"replies":[{"embeddable":true,"href":"https:\/\/staging.megapharm.al\/index.php?rest_route=%2Fwp%2Fv2%2Fcomments&post=6434"}],"wp:featuredmedia":[{"embeddable":true,"href":"https:\/\/staging.megapharm.al\/index.php?rest_route=\/wp\/v2\/media\/5711"}],"wp:attachment":[{"href":"https:\/\/staging.megapharm.al\/index.php?rest_route=%2Fwp%2Fv2%2Fmedia&parent=6434"}],"wp:term":[{"taxonomy":"product_brand","embeddable":true,"href":"https:\/\/staging.megapharm.al\/index.php?rest_route=%2Fwp%2Fv2%2Fproduct_brand&post=6434"},{"taxonomy":"product_cat","embeddable":true,"href":"https:\/\/staging.megapharm.al\/index.php?rest_route=%2Fwp%2Fv2%2Fproduct_cat&post=6434"},{"taxonomy":"product_tag","embeddable":true,"href":"https:\/\/staging.megapharm.al\/index.php?rest_route=%2Fwp%2Fv2%2Fproduct_tag&post=6434"}],"curies":[{"name":"wp","href":"https:\/\/api.w.org\/{rel}","templated":true}]}}