{"id":6427,"date":"2021-01-24T10:36:32","date_gmt":"2021-01-24T10:36:32","guid":{"rendered":"http:\/\/staging.megapharm.al\/\/index.php\/product\/import-placeholder-for-2618\/"},"modified":"2021-01-24T10:36:39","modified_gmt":"2021-01-24T10:36:39","slug":"hydro-radiance-face-stick","status":"publish","type":"product","link":"https:\/\/staging.megapharm.al\/?product=hydro-radiance-face-stick","title":{"rendered":"Hydro Radiance Face Stick"},"content":{"rendered":"<p>Hidratues n\u00eb trajt\u00eb STICK me nj\u00eb struktur\u00eb t\u00eb but\u00eb, ka efekt hidratues, anti-plakje dhe ndri\u00e7ues. Formulimi i tij me Kompleksin Hydroplus, me baz\u00eb Acidin Hialuronik, hidraton thell\u00ebsisht l\u00ebkur\u00ebn dhe parandalon dehidratimin. P\u00ebrb\u00ebr\u00ebsit aktiv\u00eb specifik\u00eb kund\u00ebr plakjes ndihmojn\u00eb n\u00eb ruajtjen e bukuris\u00eb s\u00eb l\u00ebkur\u00ebs, duke parandaluar formimin e rrudhave, nd\u00ebrsa pluhuri i diamantit garanton shk\u00eblqimin e l\u00ebkur\u00ebs.<br \/>\nL\u00ebkura shfaqet menj\u00ebher\u00eb m\u00eb e but\u00eb, m\u00eb e but\u00eb dhe rrezatuese. I p\u00ebrshtatsh\u00ebm p\u00ebr t\u00eb gjitha llojet e l\u00ebkur\u00ebs.<\/p>\n","protected":false},"excerpt":{"rendered":"<p>Hidratues n\u00eb trajt\u00eb STICK me nj\u00eb struktur\u00eb t\u00eb but\u00eb, ka efekt hidratues, anti-plakje dhe ndri\u00e7ues. Formulimi i tij me Kompleksin Hydroplus, me baz\u00eb Acidin Hialuronik, hidraton thell\u00ebsisht l\u00ebkur\u00ebn dhe parandalon dehidratimin. P\u00ebrb\u00ebr\u00ebsit aktiv\u00eb specifik\u00eb kund\u00ebr plakjes ndihmojn\u00eb n\u00eb ruajtjen e bukuris\u00eb s\u00eb l\u00ebkur\u00ebs, duke parandaluar formimin e rrudhave, nd\u00ebrsa pluhuri i diamantit garanton shk\u00eblqimin e l\u00ebkur\u00ebs.<br \/>\nL\u00ebkura shfaqet menj\u00ebher\u00eb m\u00eb e but\u00eb, m\u00eb e but\u00eb dhe rrezatuese. I p\u00ebrshtatsh\u00ebm p\u00ebr t\u00eb gjitha llojet e l\u00ebkur\u00ebs.<\/p>\n","protected":false},"featured_media":5704,"comment_status":"open","ping_status":"closed","template":"","meta":[],"product_brand":[],"product_cat":[124],"product_tag":[],"class_list":{"0":"post-6427","1":"product","2":"type-product","3":"status-publish","4":"has-post-thumbnail","6":"product_cat-korff","8":"first","9":"instock","10":"shipping-taxable","11":"product-type-simple"},"_links":{"self":[{"href":"https:\/\/staging.megapharm.al\/index.php?rest_route=\/wp\/v2\/product\/6427","targetHints":{"allow":["GET"]}}],"collection":[{"href":"https:\/\/staging.megapharm.al\/index.php?rest_route=\/wp\/v2\/product"}],"about":[{"href":"https:\/\/staging.megapharm.al\/index.php?rest_route=\/wp\/v2\/types\/product"}],"replies":[{"embeddable":true,"href":"https:\/\/staging.megapharm.al\/index.php?rest_route=%2Fwp%2Fv2%2Fcomments&post=6427"}],"wp:featuredmedia":[{"embeddable":true,"href":"https:\/\/staging.megapharm.al\/index.php?rest_route=\/wp\/v2\/media\/5704"}],"wp:attachment":[{"href":"https:\/\/staging.megapharm.al\/index.php?rest_route=%2Fwp%2Fv2%2Fmedia&parent=6427"}],"wp:term":[{"taxonomy":"product_brand","embeddable":true,"href":"https:\/\/staging.megapharm.al\/index.php?rest_route=%2Fwp%2Fv2%2Fproduct_brand&post=6427"},{"taxonomy":"product_cat","embeddable":true,"href":"https:\/\/staging.megapharm.al\/index.php?rest_route=%2Fwp%2Fv2%2Fproduct_cat&post=6427"},{"taxonomy":"product_tag","embeddable":true,"href":"https:\/\/staging.megapharm.al\/index.php?rest_route=%2Fwp%2Fv2%2Fproduct_tag&post=6427"}],"curies":[{"name":"wp","href":"https:\/\/api.w.org\/{rel}","templated":true}]}}