{"id":6426,"date":"2021-01-24T10:36:32","date_gmt":"2021-01-24T10:36:32","guid":{"rendered":"http:\/\/staging.megapharm.al\/\/index.php\/product\/import-placeholder-for-2617\/"},"modified":"2021-01-24T10:36:38","modified_gmt":"2021-01-24T10:36:38","slug":"hydro-radiance-sorbet-moisturizing-face-cream","status":"publish","type":"product","link":"https:\/\/staging.megapharm.al\/?product=hydro-radiance-sorbet-moisturizing-face-cream","title":{"rendered":"Hydro Radiance Sorbet Moisturizing Face Cream"},"content":{"rendered":"<p>Krem i fresk\u00ebt fytyre dhe me q\u00ebndrueshm\u00ebri t\u00eb leht\u00eb me cil\u00ebsi t\u00eb sorbetit dhe nj\u00eb veprim hidratues, anti-plakje dhe ndri\u00e7ues. I pasuruar me Kompleksin Hydroplus dhe Acidin Hyaluronic si me nj\u00eb pesh\u00eb molekulare t\u00eb lart\u00eb ashtu edhe me t\u00eb ul\u00ebt, kjo formul\u00eb hidraton thell\u00ebsisht l\u00ebkur\u00ebn dhe parandalon dehidratimin.<br \/>\nP\u00ebrb\u00ebrjet specifike anti age ndihmojn\u00eb n\u00eb mbajtjen e bukur t\u00eb l\u00ebkur\u00ebs duke luftuar formimin e rrudhave, nd\u00ebrsa pluhuri i diamantit i jep l\u00ebkur\u00ebs shk\u00eblqim shtes\u00eb. L\u00ebkura e fytyr\u00ebs menj\u00ebher\u00eb do t\u00eb shfaqet m\u00eb e but\u00eb dhe rrezatuese. M\u00eb e p\u00ebrshtatshme p\u00ebr l\u00ebkurat normale dhe mikse.<\/p>\n","protected":false},"excerpt":{"rendered":"<p>Krem i fresk\u00ebt fytyre dhe me q\u00ebndrueshm\u00ebri t\u00eb leht\u00eb me cil\u00ebsi t\u00eb sorbetit dhe nj\u00eb veprim hidratues, anti-plakje dhe ndri\u00e7ues. I pasuruar me Kompleksin Hydroplus dhe Acidin Hyaluronic si me nj\u00eb pesh\u00eb molekulare t\u00eb lart\u00eb ashtu edhe me t\u00eb ul\u00ebt, kjo formul\u00eb hidraton thell\u00ebsisht l\u00ebkur\u00ebn dhe parandalon dehidratimin.<br \/>\nP\u00ebrb\u00ebrjet specifike anti age ndihmojn\u00eb n\u00eb mbajtjen e bukur t\u00eb l\u00ebkur\u00ebs duke luftuar formimin e rrudhave, nd\u00ebrsa pluhuri i diamantit i jep l\u00ebkur\u00ebs shk\u00eblqim shtes\u00eb. L\u00ebkura e fytyr\u00ebs menj\u00ebher\u00eb do t\u00eb shfaqet m\u00eb e but\u00eb dhe rrezatuese. M\u00eb e p\u00ebrshtatshme p\u00ebr l\u00ebkurat normale dhe mikse.<\/p>\n","protected":false},"featured_media":5703,"comment_status":"open","ping_status":"closed","template":"","meta":[],"product_brand":[],"product_cat":[124],"product_tag":[],"class_list":{"0":"post-6426","1":"product","2":"type-product","3":"status-publish","4":"has-post-thumbnail","6":"product_cat-korff","8":"first","9":"instock","10":"shipping-taxable","11":"product-type-simple"},"_links":{"self":[{"href":"https:\/\/staging.megapharm.al\/index.php?rest_route=\/wp\/v2\/product\/6426","targetHints":{"allow":["GET"]}}],"collection":[{"href":"https:\/\/staging.megapharm.al\/index.php?rest_route=\/wp\/v2\/product"}],"about":[{"href":"https:\/\/staging.megapharm.al\/index.php?rest_route=\/wp\/v2\/types\/product"}],"replies":[{"embeddable":true,"href":"https:\/\/staging.megapharm.al\/index.php?rest_route=%2Fwp%2Fv2%2Fcomments&post=6426"}],"wp:featuredmedia":[{"embeddable":true,"href":"https:\/\/staging.megapharm.al\/index.php?rest_route=\/wp\/v2\/media\/5703"}],"wp:attachment":[{"href":"https:\/\/staging.megapharm.al\/index.php?rest_route=%2Fwp%2Fv2%2Fmedia&parent=6426"}],"wp:term":[{"taxonomy":"product_brand","embeddable":true,"href":"https:\/\/staging.megapharm.al\/index.php?rest_route=%2Fwp%2Fv2%2Fproduct_brand&post=6426"},{"taxonomy":"product_cat","embeddable":true,"href":"https:\/\/staging.megapharm.al\/index.php?rest_route=%2Fwp%2Fv2%2Fproduct_cat&post=6426"},{"taxonomy":"product_tag","embeddable":true,"href":"https:\/\/staging.megapharm.al\/index.php?rest_route=%2Fwp%2Fv2%2Fproduct_tag&post=6426"}],"curies":[{"name":"wp","href":"https:\/\/api.w.org\/{rel}","templated":true}]}}