{"id":6413,"date":"2021-01-24T10:36:30","date_gmt":"2021-01-24T10:36:30","guid":{"rendered":"http:\/\/staging.megapharm.al\/\/index.php\/product\/import-placeholder-for-2603\/"},"modified":"2021-01-24T10:36:35","modified_gmt":"2021-01-24T10:36:35","slug":"after-sun-moisturizing-and-restoring","status":"publish","type":"product","link":"https:\/\/staging.megapharm.al\/?product=after-sun-moisturizing-and-restoring","title":{"rendered":"After Sun Moisturizing And Restoring"},"content":{"rendered":"<p>Emulsion i but\u00eb dhe i fresk\u00ebt me nj\u00eb tekstur\u00eb t\u00eb but\u00eb dhe i absorbuesh\u00ebm leht\u00ebsisht nga l\u00ebkura, i p\u00ebrdorsh\u00ebm p\u00ebr fytyr\u00ebn dhe trupin si trajtues pas ekspozimit n\u00eb diell.<br \/>\nUshqen, zbut dhe p\u00ebrmireson l\u00ebkur\u00ebn.<br \/>\nFormula inovativeme DNA Safe Complex, vajra bimore ruajn\u00eb bukurin\u00eb e l\u00ebkur\u00ebs, fotoplakjen dhe ushqen n\u00eb thell\u00ebsi indet e d\u00ebmtuara .<br \/>\nPas pvrdorimit l\u00ebkura q\u00ebndron e ndritshme.<br \/>\nI that\u00eb<br \/>\nP\u00ebrthithet shpejt nga l\u00ebkura.<br \/>\nTestuar dermatologjikisht dhe klinikisht. Testuar p\u00ebr Nikel, Krom, Kobalt, M\u00ebrkur dhe Paladium.<\/p>\n","protected":false},"excerpt":{"rendered":"<p>Emulsion i but\u00eb dhe i fresk\u00ebt me nj\u00eb tekstur\u00eb t\u00eb but\u00eb dhe i absorbuesh\u00ebm leht\u00ebsisht nga l\u00ebkura, i p\u00ebrdorsh\u00ebm p\u00ebr fytyr\u00ebn dhe trupin si trajtues pas ekspozimit n\u00eb diell.<br \/>\nUshqen, zbut dhe p\u00ebrmireson l\u00ebkur\u00ebn.<br \/>\nFormula inovativeme DNA Safe Complex, vajra bimore ruajn\u00eb bukurin\u00eb e l\u00ebkur\u00ebs, fotoplakjen dhe ushqen n\u00eb thell\u00ebsi indet e d\u00ebmtuara .<br \/>\nPas pvrdorimit l\u00ebkura q\u00ebndron e ndritshme.<br \/>\nI that\u00eb<br \/>\nP\u00ebrthithet shpejt nga l\u00ebkura.<br \/>\nTestuar dermatologjikisht dhe klinikisht. Testuar p\u00ebr Nikel, Krom, Kobalt, M\u00ebrkur dhe Paladium.<\/p>\n","protected":false},"featured_media":5690,"comment_status":"open","ping_status":"closed","template":"","meta":[],"product_brand":[],"product_cat":[124],"product_tag":[],"class_list":{"0":"post-6413","1":"product","2":"type-product","3":"status-publish","4":"has-post-thumbnail","6":"product_cat-korff","8":"first","9":"instock","10":"shipping-taxable","11":"product-type-simple"},"_links":{"self":[{"href":"https:\/\/staging.megapharm.al\/index.php?rest_route=\/wp\/v2\/product\/6413","targetHints":{"allow":["GET"]}}],"collection":[{"href":"https:\/\/staging.megapharm.al\/index.php?rest_route=\/wp\/v2\/product"}],"about":[{"href":"https:\/\/staging.megapharm.al\/index.php?rest_route=\/wp\/v2\/types\/product"}],"replies":[{"embeddable":true,"href":"https:\/\/staging.megapharm.al\/index.php?rest_route=%2Fwp%2Fv2%2Fcomments&post=6413"}],"wp:featuredmedia":[{"embeddable":true,"href":"https:\/\/staging.megapharm.al\/index.php?rest_route=\/wp\/v2\/media\/5690"}],"wp:attachment":[{"href":"https:\/\/staging.megapharm.al\/index.php?rest_route=%2Fwp%2Fv2%2Fmedia&parent=6413"}],"wp:term":[{"taxonomy":"product_brand","embeddable":true,"href":"https:\/\/staging.megapharm.al\/index.php?rest_route=%2Fwp%2Fv2%2Fproduct_brand&post=6413"},{"taxonomy":"product_cat","embeddable":true,"href":"https:\/\/staging.megapharm.al\/index.php?rest_route=%2Fwp%2Fv2%2Fproduct_cat&post=6413"},{"taxonomy":"product_tag","embeddable":true,"href":"https:\/\/staging.megapharm.al\/index.php?rest_route=%2Fwp%2Fv2%2Fproduct_tag&post=6413"}],"curies":[{"name":"wp","href":"https:\/\/api.w.org\/{rel}","templated":true}]}}