{"id":6409,"date":"2021-01-24T10:36:30","date_gmt":"2021-01-24T10:36:30","guid":{"rendered":"http:\/\/staging.megapharm.al\/\/index.php\/product\/import-placeholder-for-2599\/"},"modified":"2021-01-24T10:36:35","modified_gmt":"2021-01-24T10:36:35","slug":"sun-secret-mask-gel","status":"publish","type":"product","link":"https:\/\/staging.megapharm.al\/?product=sun-secret-mask-gel","title":{"rendered":"Sun Secret Mask Gel"},"content":{"rendered":"<p>Sun Secret Mask Gel \u00ebsht\u00eb nj\u00eb mask\u00eb n\u00eb form\u00eb xheli, mjaft i fresk\u00ebt i cili aplikohet pas ekspozimit n\u00eb diell. Kjo mask\u00eb \u00ebsht\u00eb e pasur me kompleksin ADN SAFE Complex, Acid Hialuronik, Aloe Vera, Pantenol, Alantoine, t\u00eb cil\u00ebt kan\u00eb efektin hidratues, rigjenerues dhe qet\u00ebsues p\u00ebr l\u00ebkur\u00ebn. Pas aplikimit l\u00ebkura \u00ebsht\u00eb m\u00eb e fresk\u00ebt dhe m\u00eb e relaksuar.<br \/>\nJo komedogjenik.<br \/>\nTestuar klinikisht dhe dermatologjikisht. Testuar p\u00ebr Nikel, Kobalt, Palladium dhe M\u00ebrkur.<br \/>\nP\u00ebrdorimi<br \/>\nAplikoni nj\u00eb sasi t\u00eb konsiderueshme produkti n\u00eb fytyr\u00ebdhe l\u00ebreni t\u00eb veproj\u00ebp\u00ebr 20 minuta.<br \/>\nTepric\u00ebn hiqeni me nj\u00ebcop\u00eb t\u00eb past\u00ebr.<\/p>\n","protected":false},"excerpt":{"rendered":"<p>Sun Secret Mask Gel \u00ebsht\u00eb nj\u00eb mask\u00eb n\u00eb form\u00eb xheli, mjaft i fresk\u00ebt i cili aplikohet pas ekspozimit n\u00eb diell. Kjo mask\u00eb \u00ebsht\u00eb e pasur me kompleksin ADN SAFE Complex, Acid Hialuronik, Aloe Vera, Pantenol, Alantoine, t\u00eb cil\u00ebt kan\u00eb efektin hidratues, rigjenerues dhe qet\u00ebsues p\u00ebr l\u00ebkur\u00ebn. Pas aplikimit l\u00ebkura \u00ebsht\u00eb m\u00eb e fresk\u00ebt dhe m\u00eb e relaksuar.<br \/>\nJo komedogjenik.<br \/>\nTestuar klinikisht dhe dermatologjikisht. Testuar p\u00ebr Nikel, Kobalt, Palladium dhe M\u00ebrkur.<br \/>\nP\u00ebrdorimi<br \/>\nAplikoni nj\u00eb sasi t\u00eb konsiderueshme produkti n\u00eb fytyr\u00ebdhe l\u00ebreni t\u00eb veproj\u00ebp\u00ebr 20 minuta.<br \/>\nTepric\u00ebn hiqeni me nj\u00ebcop\u00eb t\u00eb past\u00ebr.<\/p>\n","protected":false},"featured_media":5687,"comment_status":"open","ping_status":"closed","template":"","meta":[],"product_brand":[],"product_cat":[124],"product_tag":[],"class_list":{"0":"post-6409","1":"product","2":"type-product","3":"status-publish","4":"has-post-thumbnail","6":"product_cat-korff","8":"first","9":"instock","10":"shipping-taxable","11":"product-type-simple"},"_links":{"self":[{"href":"https:\/\/staging.megapharm.al\/index.php?rest_route=\/wp\/v2\/product\/6409","targetHints":{"allow":["GET"]}}],"collection":[{"href":"https:\/\/staging.megapharm.al\/index.php?rest_route=\/wp\/v2\/product"}],"about":[{"href":"https:\/\/staging.megapharm.al\/index.php?rest_route=\/wp\/v2\/types\/product"}],"replies":[{"embeddable":true,"href":"https:\/\/staging.megapharm.al\/index.php?rest_route=%2Fwp%2Fv2%2Fcomments&post=6409"}],"wp:featuredmedia":[{"embeddable":true,"href":"https:\/\/staging.megapharm.al\/index.php?rest_route=\/wp\/v2\/media\/5687"}],"wp:attachment":[{"href":"https:\/\/staging.megapharm.al\/index.php?rest_route=%2Fwp%2Fv2%2Fmedia&parent=6409"}],"wp:term":[{"taxonomy":"product_brand","embeddable":true,"href":"https:\/\/staging.megapharm.al\/index.php?rest_route=%2Fwp%2Fv2%2Fproduct_brand&post=6409"},{"taxonomy":"product_cat","embeddable":true,"href":"https:\/\/staging.megapharm.al\/index.php?rest_route=%2Fwp%2Fv2%2Fproduct_cat&post=6409"},{"taxonomy":"product_tag","embeddable":true,"href":"https:\/\/staging.megapharm.al\/index.php?rest_route=%2Fwp%2Fv2%2Fproduct_tag&post=6409"}],"curies":[{"name":"wp","href":"https:\/\/api.w.org\/{rel}","templated":true}]}}