{"id":6367,"date":"2021-01-24T10:36:04","date_gmt":"2021-01-24T10:36:04","guid":{"rendered":"http:\/\/staging.megapharm.al\/\/index.php\/product\/import-placeholder-for-2551\/"},"modified":"2021-01-24T10:36:13","modified_gmt":"2021-01-24T10:36:13","slug":"acnelia-e","status":"publish","type":"product","link":"https:\/\/staging.megapharm.al\/?product=acnelia-e","title":{"rendered":"Acnelia E"},"content":{"rendered":"<p>L\u00ebkura \u00ebsht\u00eb me e sh\u00ebndritshme dhe e pastruar n\u00eb thell\u00ebsi, gati p\u00ebr t\u00eb marr\u00eb trajtimin ditor n\u00eb m\u00ebnyr\u00ebn m\u00eb efektive.<br \/>\nP\u00ebrdorimi<strong><em>\u00a0 :<\/em><\/strong>Aplikojeni n\u00eb fytyr\u00eb t\u00eb past\u00ebr dhe t\u00eb that\u00eb. Masazhajeni me levizje t\u00eb lehta rrethore.<br \/>\nMbajeni p\u00ebr rreth nje minut\u00eb shpelajeni me uj\u00eb t\u00eb bollsh\u00ebm dhe thaheni fytyr\u00ebn me njv peshqir t\u00eb past\u00ebr. P\u00ebrdoreni nj\u00eb ose dy her\u00eb n\u00eb jav\u00eb si plot\u00ebsim t\u00eb nj\u00eb trajtimi ditor..<br \/>\nVe\u00e7orit\u00eb e produktit<\/p>\n<p>P\u00ebrb\u00ebhet nga:<\/p>\n<ul>\n<li>Salicilat Natriumi:Pastron n\u00eb thell\u00ebsi poret<\/li>\n<li>BG Acnacidol dhe Zinc PCA: Ndalon p\u00ebrhapjen e baktereve q\u00eb shkaktojn\u00eb pu\u00e7rra<\/li>\n<li>Komplekse qet\u00ebsuese: Reduktojne irritimet e l\u00ebkur\u00ebs dhe zvog\u00eblon skuqjen<\/li>\n<li>Pa paraben<\/li>\n<li>Pa ngjyrues<\/li>\n<li>E testuar dermatologjikisht<\/li>\n<li>E testuar klinikisht<\/li>\n<li>E testuar mikrobiologjikisht<\/li>\n<li>Pa SLS, SLES Hipoalergjik<\/li>\n<\/ul>\n<p>Sasia: 40 ml<\/p>\n","protected":false},"excerpt":{"rendered":"<p>L\u00ebkura \u00ebsht\u00eb me e sh\u00ebndritshme dhe e pastruar n\u00eb thell\u00ebsi, gati p\u00ebr t\u00eb marr\u00eb trajtimin ditor n\u00eb m\u00ebnyr\u00ebn m\u00eb efektive.<br \/>\nP\u00ebrdorimi<strong><em>\u00a0 :<\/em><\/strong>Aplikojeni n\u00eb fytyr\u00eb t\u00eb past\u00ebr dhe t\u00eb that\u00eb. Masazhajeni me levizje t\u00eb lehta rrethore.<br \/>\nMbajeni p\u00ebr rreth nje minut\u00eb shpelajeni me uj\u00eb t\u00eb bollsh\u00ebm dhe thaheni fytyr\u00ebn me njv peshqir t\u00eb past\u00ebr. P\u00ebrdoreni nj\u00eb ose dy her\u00eb n\u00eb jav\u00eb si plot\u00ebsim t\u00eb nj\u00eb trajtimi ditor..<br \/>\nVe\u00e7orit\u00eb e produktit<\/p>\n<p>P\u00ebrb\u00ebhet nga:<\/p>\n<ul>\n<li>Salicilat Natriumi:Pastron n\u00eb thell\u00ebsi poret<\/li>\n<li>BG Acnacidol dhe Zinc PCA: Ndalon p\u00ebrhapjen e baktereve q\u00eb shkaktojn\u00eb pu\u00e7rra<\/li>\n<li>Komplekse qet\u00ebsuese: Reduktojne irritimet e l\u00ebkur\u00ebs dhe zvog\u00eblon skuqjen<\/li>\n<li>Pa paraben<\/li>\n<li>Pa ngjyrues<\/li>\n<li>E testuar dermatologjikisht<\/li>\n<li>E testuar klinikisht<\/li>\n<li>E testuar mikrobiologjikisht<\/li>\n<li>Pa SLS, SLES Hipoalergjik<\/li>\n<\/ul>\n<p>Sasia: 40 ml<\/p>\n","protected":false},"featured_media":5673,"comment_status":"open","ping_status":"closed","template":"","meta":[],"product_brand":[],"product_cat":[121],"product_tag":[],"class_list":{"0":"post-6367","1":"product","2":"type-product","3":"status-publish","4":"has-post-thumbnail","6":"product_cat-bioclin","8":"first","9":"instock","10":"shipping-taxable","11":"product-type-simple"},"_links":{"self":[{"href":"https:\/\/staging.megapharm.al\/index.php?rest_route=\/wp\/v2\/product\/6367","targetHints":{"allow":["GET"]}}],"collection":[{"href":"https:\/\/staging.megapharm.al\/index.php?rest_route=\/wp\/v2\/product"}],"about":[{"href":"https:\/\/staging.megapharm.al\/index.php?rest_route=\/wp\/v2\/types\/product"}],"replies":[{"embeddable":true,"href":"https:\/\/staging.megapharm.al\/index.php?rest_route=%2Fwp%2Fv2%2Fcomments&post=6367"}],"wp:featuredmedia":[{"embeddable":true,"href":"https:\/\/staging.megapharm.al\/index.php?rest_route=\/wp\/v2\/media\/5673"}],"wp:attachment":[{"href":"https:\/\/staging.megapharm.al\/index.php?rest_route=%2Fwp%2Fv2%2Fmedia&parent=6367"}],"wp:term":[{"taxonomy":"product_brand","embeddable":true,"href":"https:\/\/staging.megapharm.al\/index.php?rest_route=%2Fwp%2Fv2%2Fproduct_brand&post=6367"},{"taxonomy":"product_cat","embeddable":true,"href":"https:\/\/staging.megapharm.al\/index.php?rest_route=%2Fwp%2Fv2%2Fproduct_cat&post=6367"},{"taxonomy":"product_tag","embeddable":true,"href":"https:\/\/staging.megapharm.al\/index.php?rest_route=%2Fwp%2Fv2%2Fproduct_tag&post=6367"}],"curies":[{"name":"wp","href":"https:\/\/api.w.org\/{rel}","templated":true}]}}