{"id":6362,"date":"2021-01-24T10:36:03","date_gmt":"2021-01-24T10:36:03","guid":{"rendered":"http:\/\/staging.megapharm.al\/\/index.php\/product\/import-placeholder-for-2546\/"},"modified":"2021-01-24T10:36:11","modified_gmt":"2021-01-24T10:36:11","slug":"phydrium-advance-fortifying-mask","status":"publish","type":"product","link":"https:\/\/staging.megapharm.al\/?product=phydrium-advance-fortifying-mask","title":{"rendered":"Phydrium Advance Fortifying Mask"},"content":{"rendered":"<p>Phydrium Advance Fortifying Mask \u00ebsht\u00eb nj\u00eb mask\u00eb forcuese q\u00eb ndalon q\u00eb flok\u00ebt t\u00eb dob\u00ebsohen dhe gjithashtu \u00ebsht\u00eb ndihmes\u00eb p\u00ebr trajtimin kund\u00ebr r\u00ebnies s\u00eb flok\u00ebve.Kjo mask\u00eb ka aksion forcues p\u00ebr flok\u00ebt dhe gjithashtu i jep jet\u00eb flok\u00ebve.Parandalon plakjen e parakohshme t\u00eb rr\u00ebnj\u00ebs s\u00eb flok\u00ebve dhe riaktivizon mikroqarkullimin.<br \/>\nP\u00ebrmban:<br \/>\n&gt; Stimoxidil.<br \/>\n&gt; Vitamina t\u00eb grupit B.<br \/>\n&gt; Fitokeratin\u00eb.<br \/>\n&gt; Vaj lini.<br \/>\nKy formulim i b\u00ebn flok\u00ebt m\u00eb rezistente, ekuilibron kapacitetin natyral t\u00eb flok\u00ebve p\u00ebr t\u00eb mbajtur lageshtin\u00eb. Mbron dhe strukturon keratin\u00ebn dhe gjithashtu ndihmon flok\u00ebt e dob\u00ebt dhe ato q\u00eb k\u00ebputen leht\u00eb.<br \/>\nPa paraben.Pa kolorant.P a parfum.Pa alergjen.<br \/>\nDermatologjikisht, klinikisht dhe mikrobiologjikisht i testuar. I testuar p\u00ebr Nikel, kobalt, krom, palladio dhe m\u00ebrkur.<br \/>\nP\u00ebrdorimi<br \/>\nAplikohet n\u00eb flok\u00eb t\u00eb lagur dhe t\u00eb tamponuar.Merni nj\u00eb sasi t\u00eb mjaftueshme produkti dhe p\u00ebrhapeni n\u00eb m\u00ebnyr\u00eb uniforme n\u00eb flok\u00eb.L\u00ebreni t\u00eb veproj\u00eb p\u00ebr 3-5 minuta.Shp\u00eblajeni me uj\u00eb t\u00eb bollsh\u00ebm.<br \/>\nK\u00ebshillohet t\u00eb p\u00ebrdoret 1-2 her\u00eb n\u00eb jav\u00eb.<\/p>\n<p>Sasia: 200 ml<\/p>\n","protected":false},"excerpt":{"rendered":"<p>Phydrium Advance Fortifying Mask \u00ebsht\u00eb nj\u00eb mask\u00eb forcuese q\u00eb ndalon q\u00eb flok\u00ebt t\u00eb dob\u00ebsohen dhe gjithashtu \u00ebsht\u00eb ndihmes\u00eb p\u00ebr trajtimin kund\u00ebr r\u00ebnies s\u00eb flok\u00ebve.Kjo mask\u00eb ka aksion forcues p\u00ebr flok\u00ebt dhe gjithashtu i jep jet\u00eb flok\u00ebve.Parandalon plakjen e parakohshme t\u00eb rr\u00ebnj\u00ebs s\u00eb flok\u00ebve dhe riaktivizon mikroqarkullimin.<br \/>\nP\u00ebrmban:<br \/>\n&gt; Stimoxidil.<br \/>\n&gt; Vitamina t\u00eb grupit B.<br \/>\n&gt; Fitokeratin\u00eb.<br \/>\n&gt; Vaj lini.<br \/>\nKy formulim i b\u00ebn flok\u00ebt m\u00eb rezistente, ekuilibron kapacitetin natyral t\u00eb flok\u00ebve p\u00ebr t\u00eb mbajtur lageshtin\u00eb. Mbron dhe strukturon keratin\u00ebn dhe gjithashtu ndihmon flok\u00ebt e dob\u00ebt dhe ato q\u00eb k\u00ebputen leht\u00eb.<br \/>\nPa paraben.Pa kolorant.P a parfum.Pa alergjen.<br \/>\nDermatologjikisht, klinikisht dhe mikrobiologjikisht i testuar. I testuar p\u00ebr Nikel, kobalt, krom, palladio dhe m\u00ebrkur.<br \/>\nP\u00ebrdorimi<br \/>\nAplikohet n\u00eb flok\u00eb t\u00eb lagur dhe t\u00eb tamponuar.Merni nj\u00eb sasi t\u00eb mjaftueshme produkti dhe p\u00ebrhapeni n\u00eb m\u00ebnyr\u00eb uniforme n\u00eb flok\u00eb.L\u00ebreni t\u00eb veproj\u00eb p\u00ebr 3-5 minuta.Shp\u00eblajeni me uj\u00eb t\u00eb bollsh\u00ebm.<br \/>\nK\u00ebshillohet t\u00eb p\u00ebrdoret 1-2 her\u00eb n\u00eb jav\u00eb.<\/p>\n<p>Sasia: 200 ml<\/p>\n","protected":false},"featured_media":5668,"comment_status":"open","ping_status":"closed","template":"","meta":[],"product_brand":[],"product_cat":[121],"product_tag":[],"class_list":{"0":"post-6362","1":"product","2":"type-product","3":"status-publish","4":"has-post-thumbnail","6":"product_cat-bioclin","8":"first","9":"instock","10":"shipping-taxable","11":"product-type-simple"},"_links":{"self":[{"href":"https:\/\/staging.megapharm.al\/index.php?rest_route=\/wp\/v2\/product\/6362","targetHints":{"allow":["GET"]}}],"collection":[{"href":"https:\/\/staging.megapharm.al\/index.php?rest_route=\/wp\/v2\/product"}],"about":[{"href":"https:\/\/staging.megapharm.al\/index.php?rest_route=\/wp\/v2\/types\/product"}],"replies":[{"embeddable":true,"href":"https:\/\/staging.megapharm.al\/index.php?rest_route=%2Fwp%2Fv2%2Fcomments&post=6362"}],"wp:featuredmedia":[{"embeddable":true,"href":"https:\/\/staging.megapharm.al\/index.php?rest_route=\/wp\/v2\/media\/5668"}],"wp:attachment":[{"href":"https:\/\/staging.megapharm.al\/index.php?rest_route=%2Fwp%2Fv2%2Fmedia&parent=6362"}],"wp:term":[{"taxonomy":"product_brand","embeddable":true,"href":"https:\/\/staging.megapharm.al\/index.php?rest_route=%2Fwp%2Fv2%2Fproduct_brand&post=6362"},{"taxonomy":"product_cat","embeddable":true,"href":"https:\/\/staging.megapharm.al\/index.php?rest_route=%2Fwp%2Fv2%2Fproduct_cat&post=6362"},{"taxonomy":"product_tag","embeddable":true,"href":"https:\/\/staging.megapharm.al\/index.php?rest_route=%2Fwp%2Fv2%2Fproduct_tag&post=6362"}],"curies":[{"name":"wp","href":"https:\/\/api.w.org\/{rel}","templated":true}]}}