{"id":6358,"date":"2021-01-24T10:36:03","date_gmt":"2021-01-24T10:36:03","guid":{"rendered":"http:\/\/staging.megapharm.al\/\/index.php\/product\/import-placeholder-for-2542\/"},"modified":"2021-01-24T10:36:10","modified_gmt":"2021-01-24T10:36:10","slug":"bioclin-acnelia-m-cream","status":"publish","type":"product","link":"https:\/\/staging.megapharm.al\/?product=bioclin-acnelia-m-cream","title":{"rendered":"Bioclin acnelia M cream"},"content":{"rendered":"<p>Emulsion specifik p\u00ebr l\u00ebkur\u00eb mikse, t\u00eb yndyrshme dhe me tendenc\u00eb akneike. Fal\u00eb komplekseve t\u00eb aktiveve t\u00eb seleksionuar ka nj\u00eb veprim dermopastruese, sebo-normalizues dhe hidratues. P\u00ebrmban:<br \/>\nAcid Hialuronik me pesh\u00eb t\u00eb vog\u00ebl molekulare; hidraton dhe rigjeneron epiderm\u00ebn<br \/>\nAcnacidol\u2122BG 2,5%, Zink dhe Baker PCA 0,2%; rregullon dhe normalizon prodhimin e sebumit duke reduktuar yndyr\u00ebn e tep\u00ebrt p\u00ebr nj\u00eb efekt sa me mat t\u00eb l\u00ebkur\u00ebs dhe lufton shtimin e baktereve q\u00eb jan shkak i akneve.<br \/>\nSalicilati Sodiumit 1%; rregullon struktur\u00ebn e l\u00ebkur\u00ebs duke b\u00ebr\u00eb t\u00eb mundur q\u00eb poret t\u00eb jen\u00eb me pak t\u00eb dukshme<br \/>\nSoothing Complex; qet\u00ebson l\u00ebkur\u00ebn duke parandaluar skuqjet<br \/>\nL\u00ebkura e fytyres \u00ebsht\u00eb e hidratuar, e l\u00ebmuar me nj\u00eb paraqitje me uniform\u00eb efekt mat i menj\u00ebhersh\u00ebm.<br \/>\nVe\u00e7ori t\u00eb produktit<br \/>\nP\u00ebr l\u00ebkur\u00eb mikse, t\u00eb yndyrshme dhe me tendenc\u00eb akneike.<br \/>\nSebo-normalizuese.<br \/>\nP\u00ebrdorimi<br \/>\nAplikojeni n\u00eb m\u00ebngjes dhe dark\u00eb duke e masazhuar but\u00ebsisht deri n\u00eb p\u00ebrthithje.Evitoni konturin e syve.<\/p>\n<p>Sasia: 40ml<\/p>\n","protected":false},"excerpt":{"rendered":"<p>Emulsion specifik p\u00ebr l\u00ebkur\u00eb mikse, t\u00eb yndyrshme dhe me tendenc\u00eb akneike. Fal\u00eb komplekseve t\u00eb aktiveve t\u00eb seleksionuar ka nj\u00eb veprim dermopastruese, sebo-normalizues dhe hidratues. P\u00ebrmban:<br \/>\nAcid Hialuronik me pesh\u00eb t\u00eb vog\u00ebl molekulare; hidraton dhe rigjeneron epiderm\u00ebn<br \/>\nAcnacidol\u2122BG 2,5%, Zink dhe Baker PCA 0,2%; rregullon dhe normalizon prodhimin e sebumit duke reduktuar yndyr\u00ebn e tep\u00ebrt p\u00ebr nj\u00eb efekt sa me mat t\u00eb l\u00ebkur\u00ebs dhe lufton shtimin e baktereve q\u00eb jan shkak i akneve.<br \/>\nSalicilati Sodiumit 1%; rregullon struktur\u00ebn e l\u00ebkur\u00ebs duke b\u00ebr\u00eb t\u00eb mundur q\u00eb poret t\u00eb jen\u00eb me pak t\u00eb dukshme<br \/>\nSoothing Complex; qet\u00ebson l\u00ebkur\u00ebn duke parandaluar skuqjet<br \/>\nL\u00ebkura e fytyres \u00ebsht\u00eb e hidratuar, e l\u00ebmuar me nj\u00eb paraqitje me uniform\u00eb efekt mat i menj\u00ebhersh\u00ebm.<br \/>\nVe\u00e7ori t\u00eb produktit<br \/>\nP\u00ebr l\u00ebkur\u00eb mikse, t\u00eb yndyrshme dhe me tendenc\u00eb akneike.<br \/>\nSebo-normalizuese.<br \/>\nP\u00ebrdorimi<br \/>\nAplikojeni n\u00eb m\u00ebngjes dhe dark\u00eb duke e masazhuar but\u00ebsisht deri n\u00eb p\u00ebrthithje.Evitoni konturin e syve.<\/p>\n<p>Sasia: 40ml<\/p>\n","protected":false},"featured_media":5664,"comment_status":"open","ping_status":"closed","template":"","meta":[],"product_brand":[],"product_cat":[121],"product_tag":[],"class_list":{"0":"post-6358","1":"product","2":"type-product","3":"status-publish","4":"has-post-thumbnail","6":"product_cat-bioclin","8":"first","9":"instock","10":"shipping-taxable","11":"product-type-simple"},"_links":{"self":[{"href":"https:\/\/staging.megapharm.al\/index.php?rest_route=\/wp\/v2\/product\/6358","targetHints":{"allow":["GET"]}}],"collection":[{"href":"https:\/\/staging.megapharm.al\/index.php?rest_route=\/wp\/v2\/product"}],"about":[{"href":"https:\/\/staging.megapharm.al\/index.php?rest_route=\/wp\/v2\/types\/product"}],"replies":[{"embeddable":true,"href":"https:\/\/staging.megapharm.al\/index.php?rest_route=%2Fwp%2Fv2%2Fcomments&post=6358"}],"wp:featuredmedia":[{"embeddable":true,"href":"https:\/\/staging.megapharm.al\/index.php?rest_route=\/wp\/v2\/media\/5664"}],"wp:attachment":[{"href":"https:\/\/staging.megapharm.al\/index.php?rest_route=%2Fwp%2Fv2%2Fmedia&parent=6358"}],"wp:term":[{"taxonomy":"product_brand","embeddable":true,"href":"https:\/\/staging.megapharm.al\/index.php?rest_route=%2Fwp%2Fv2%2Fproduct_brand&post=6358"},{"taxonomy":"product_cat","embeddable":true,"href":"https:\/\/staging.megapharm.al\/index.php?rest_route=%2Fwp%2Fv2%2Fproduct_cat&post=6358"},{"taxonomy":"product_tag","embeddable":true,"href":"https:\/\/staging.megapharm.al\/index.php?rest_route=%2Fwp%2Fv2%2Fproduct_tag&post=6358"}],"curies":[{"name":"wp","href":"https:\/\/api.w.org\/{rel}","templated":true}]}}