{"id":6350,"date":"2021-01-24T10:36:02","date_gmt":"2021-01-24T10:36:02","guid":{"rendered":"http:\/\/staging.megapharm.al\/\/index.php\/product\/import-placeholder-for-2533\/"},"modified":"2021-01-24T10:36:07","modified_gmt":"2021-01-24T10:36:07","slug":"pluhur-zbardhues-pa-amoniak","status":"publish","type":"product","link":"https:\/\/staging.megapharm.al\/?product=pluhur-zbardhues-pa-amoniak","title":{"rendered":"Pluhur zbardhues pa amoniak"},"content":{"rendered":"<p>Pluhur zbardhues pa amoniak, ve\u00e7an\u00ebrisht i holl\u00eb dhe kompakt.<br \/>\nKjo lejon rezultate t\u00eb shk\u00eblqyera, duke respektuar struktur\u00ebn e flok\u00ebve.<br \/>\nRaporti i zbrazjes 1: 2<\/p>\n","protected":false},"excerpt":{"rendered":"<p>Pluhur zbardhues pa amoniak, ve\u00e7an\u00ebrisht i holl\u00eb dhe kompakt.<br \/>\nKjo lejon rezultate t\u00eb shk\u00eblqyera, duke respektuar struktur\u00ebn e flok\u00ebve.<br \/>\nRaporti i zbrazjes 1: 2<\/p>\n","protected":false},"featured_media":5656,"comment_status":"open","ping_status":"closed","template":"","meta":[],"product_brand":[],"product_cat":[122],"product_tag":[],"class_list":{"0":"post-6350","1":"product","2":"type-product","3":"status-publish","4":"has-post-thumbnail","6":"product_cat-farmagan","8":"first","9":"instock","10":"shipping-taxable","11":"product-type-simple"},"_links":{"self":[{"href":"https:\/\/staging.megapharm.al\/index.php?rest_route=\/wp\/v2\/product\/6350","targetHints":{"allow":["GET"]}}],"collection":[{"href":"https:\/\/staging.megapharm.al\/index.php?rest_route=\/wp\/v2\/product"}],"about":[{"href":"https:\/\/staging.megapharm.al\/index.php?rest_route=\/wp\/v2\/types\/product"}],"replies":[{"embeddable":true,"href":"https:\/\/staging.megapharm.al\/index.php?rest_route=%2Fwp%2Fv2%2Fcomments&post=6350"}],"wp:featuredmedia":[{"embeddable":true,"href":"https:\/\/staging.megapharm.al\/index.php?rest_route=\/wp\/v2\/media\/5656"}],"wp:attachment":[{"href":"https:\/\/staging.megapharm.al\/index.php?rest_route=%2Fwp%2Fv2%2Fmedia&parent=6350"}],"wp:term":[{"taxonomy":"product_brand","embeddable":true,"href":"https:\/\/staging.megapharm.al\/index.php?rest_route=%2Fwp%2Fv2%2Fproduct_brand&post=6350"},{"taxonomy":"product_cat","embeddable":true,"href":"https:\/\/staging.megapharm.al\/index.php?rest_route=%2Fwp%2Fv2%2Fproduct_cat&post=6350"},{"taxonomy":"product_tag","embeddable":true,"href":"https:\/\/staging.megapharm.al\/index.php?rest_route=%2Fwp%2Fv2%2Fproduct_tag&post=6350"}],"curies":[{"name":"wp","href":"https:\/\/api.w.org\/{rel}","templated":true}]}}