{"id":6344,"date":"2021-01-24T10:36:01","date_gmt":"2021-01-24T10:36:01","guid":{"rendered":"http:\/\/staging.megapharm.al\/\/index.php\/product\/import-placeholder-for-2527\/"},"modified":"2021-01-24T10:36:06","modified_gmt":"2021-01-24T10:36:06","slug":"farmagan-haircolor","status":"publish","type":"product","link":"https:\/\/staging.megapharm.al\/?product=farmagan-haircolor","title":{"rendered":"FARMAGAN HAIRCOLOR"},"content":{"rendered":"<p>Boj\u00eb me amoniak ekskluzive e prodhuar nga laborator\u00ebt Farmagan q\u00eb lejon nj\u00eb rezultat delikat, mbulim perfekt dhe siguron nj\u00eb ngjyr\u00eb profesionale,<br \/>\nIngredientet active<br \/>\npolimer multifunksional me efekt balsami.<br \/>\nIingrediente me origjine vegjetale per balancim, ristrukturim dhe efekt mbrojtes.<br \/>\nRaporti i hollimit 1 : 1.5<br \/>\nRaporti i hollimit Superlight 1 : 2.5<br \/>\nSasia: 100 ml<\/p>\n","protected":false},"excerpt":{"rendered":"<p>Boj\u00eb me amoniak ekskluzive e prodhuar nga laborator\u00ebt Farmagan q\u00eb lejon nj\u00eb rezultat delikat, mbulim perfekt dhe siguron nj\u00eb ngjyr\u00eb profesionale,<br \/>\nIngredientet active<br \/>\npolimer multifunksional me efekt balsami.<br \/>\nIingrediente me origjine vegjetale per balancim, ristrukturim dhe efekt mbrojtes.<br \/>\nRaporti i hollimit 1 : 1.5<br \/>\nRaporti i hollimit Superlight 1 : 2.5<br \/>\nSasia: 100 ml<\/p>\n","protected":false},"featured_media":5650,"comment_status":"open","ping_status":"closed","template":"","meta":[],"product_brand":[],"product_cat":[122],"product_tag":[],"class_list":{"0":"post-6344","1":"product","2":"type-product","3":"status-publish","4":"has-post-thumbnail","6":"product_cat-farmagan","8":"first","9":"instock","10":"shipping-taxable","11":"product-type-simple"},"_links":{"self":[{"href":"https:\/\/staging.megapharm.al\/index.php?rest_route=\/wp\/v2\/product\/6344","targetHints":{"allow":["GET"]}}],"collection":[{"href":"https:\/\/staging.megapharm.al\/index.php?rest_route=\/wp\/v2\/product"}],"about":[{"href":"https:\/\/staging.megapharm.al\/index.php?rest_route=\/wp\/v2\/types\/product"}],"replies":[{"embeddable":true,"href":"https:\/\/staging.megapharm.al\/index.php?rest_route=%2Fwp%2Fv2%2Fcomments&post=6344"}],"wp:featuredmedia":[{"embeddable":true,"href":"https:\/\/staging.megapharm.al\/index.php?rest_route=\/wp\/v2\/media\/5650"}],"wp:attachment":[{"href":"https:\/\/staging.megapharm.al\/index.php?rest_route=%2Fwp%2Fv2%2Fmedia&parent=6344"}],"wp:term":[{"taxonomy":"product_brand","embeddable":true,"href":"https:\/\/staging.megapharm.al\/index.php?rest_route=%2Fwp%2Fv2%2Fproduct_brand&post=6344"},{"taxonomy":"product_cat","embeddable":true,"href":"https:\/\/staging.megapharm.al\/index.php?rest_route=%2Fwp%2Fv2%2Fproduct_cat&post=6344"},{"taxonomy":"product_tag","embeddable":true,"href":"https:\/\/staging.megapharm.al\/index.php?rest_route=%2Fwp%2Fv2%2Fproduct_tag&post=6344"}],"curies":[{"name":"wp","href":"https:\/\/api.w.org\/{rel}","templated":true}]}}