{"id":6337,"date":"2021-01-24T10:35:52","date_gmt":"2021-01-24T10:35:52","guid":{"rendered":"http:\/\/staging.megapharm.al\/\/index.php\/product\/import-placeholder-for-2520\/"},"modified":"2021-01-24T10:35:58","modified_gmt":"2021-01-24T10:35:58","slug":"olio-essenziale-lenitivo","status":"publish","type":"product","link":"https:\/\/staging.megapharm.al\/?product=olio-essenziale-lenitivo","title":{"rendered":"OLIO ESSENZIALE LENITIVO"},"content":{"rendered":"<p>P\u00ebrgatitje specifike e bazuar n\u00eb vajra esencial\u00eb (vaj bergamot, copaiba, patchouli, vetiver dhe kanell\u00eb) me nj\u00eb veprim riparues me nj\u00eb efekt qet\u00ebsues dhe ribalancues. Specifik p\u00ebr flok\u00ebt e brisht\u00eb ,skalp sensitiv ,l\u00ebkur\u00eb t\u00eb that\u00eb, irrituese e kruajtese.<\/p>\n<p>Menyra e perdorimit :<br \/>\nPas larjes, lyeni flok\u00ebt dhe shp\u00ebrndani produktin (15-20 pika) n\u00eb skalpin e kok\u00ebs me nj\u00eb masazh t\u00eb leht\u00eb. Mos e shp\u00eblani dhe vazhdoni me stilimin e d\u00ebshiruar.<\/p>\n","protected":false},"excerpt":{"rendered":"<p>P\u00ebrgatitje specifike e bazuar n\u00eb vajra esencial\u00eb (vaj bergamot, copaiba, patchouli, vetiver dhe kanell\u00eb) me nj\u00eb veprim riparues me nj\u00eb efekt qet\u00ebsues dhe ribalancues. Specifik p\u00ebr flok\u00ebt e brisht\u00eb ,skalp sensitiv ,l\u00ebkur\u00eb t\u00eb that\u00eb, irrituese e kruajtese.<\/p>\n<p>Menyra e perdorimit :<br \/>\nPas larjes, lyeni flok\u00ebt dhe shp\u00ebrndani produktin (15-20 pika) n\u00eb skalpin e kok\u00ebs me nj\u00eb masazh t\u00eb leht\u00eb. Mos e shp\u00eblani dhe vazhdoni me stilimin e d\u00ebshiruar.<\/p>\n","protected":false},"featured_media":5643,"comment_status":"open","ping_status":"closed","template":"","meta":[],"product_brand":[],"product_cat":[122],"product_tag":[],"class_list":{"0":"post-6337","1":"product","2":"type-product","3":"status-publish","4":"has-post-thumbnail","6":"product_cat-farmagan","8":"first","9":"instock","10":"shipping-taxable","11":"product-type-simple"},"_links":{"self":[{"href":"https:\/\/staging.megapharm.al\/index.php?rest_route=\/wp\/v2\/product\/6337","targetHints":{"allow":["GET"]}}],"collection":[{"href":"https:\/\/staging.megapharm.al\/index.php?rest_route=\/wp\/v2\/product"}],"about":[{"href":"https:\/\/staging.megapharm.al\/index.php?rest_route=\/wp\/v2\/types\/product"}],"replies":[{"embeddable":true,"href":"https:\/\/staging.megapharm.al\/index.php?rest_route=%2Fwp%2Fv2%2Fcomments&post=6337"}],"wp:featuredmedia":[{"embeddable":true,"href":"https:\/\/staging.megapharm.al\/index.php?rest_route=\/wp\/v2\/media\/5643"}],"wp:attachment":[{"href":"https:\/\/staging.megapharm.al\/index.php?rest_route=%2Fwp%2Fv2%2Fmedia&parent=6337"}],"wp:term":[{"taxonomy":"product_brand","embeddable":true,"href":"https:\/\/staging.megapharm.al\/index.php?rest_route=%2Fwp%2Fv2%2Fproduct_brand&post=6337"},{"taxonomy":"product_cat","embeddable":true,"href":"https:\/\/staging.megapharm.al\/index.php?rest_route=%2Fwp%2Fv2%2Fproduct_cat&post=6337"},{"taxonomy":"product_tag","embeddable":true,"href":"https:\/\/staging.megapharm.al\/index.php?rest_route=%2Fwp%2Fv2%2Fproduct_tag&post=6337"}],"curies":[{"name":"wp","href":"https:\/\/api.w.org\/{rel}","templated":true}]}}