{"id":6334,"date":"2021-01-24T10:35:51","date_gmt":"2021-01-24T10:35:51","guid":{"rendered":"http:\/\/staging.megapharm.al\/\/index.php\/product\/import-placeholder-for-2517\/"},"modified":"2021-01-24T10:35:57","modified_gmt":"2021-01-24T10:35:57","slug":"fiale-antiforfora-grassa-e-iperidrosi","status":"publish","type":"product","link":"https:\/\/staging.megapharm.al\/?product=fiale-antiforfora-grassa-e-iperidrosi","title":{"rendered":"FIALE ANTIFORFORA GRASSA E IPERIDROSI"},"content":{"rendered":"<p>TREATMENT, BIOACTIVE HAIR TREATMENT, ANTIFORFORA<br \/>\nZgjidhje trikologjike q\u00eb n\u00eb saj\u00eb t\u00eb veprimit t\u00eb kombinuar t\u00eb p\u00ebrb\u00ebr\u00ebsve t\u00eb saj aktiv, duke p\u00ebrfshir\u00eb Sulphur, Witch Hazel ekstrakt dhe Panthenol, rregullon prodhimin e yndyr\u00ebs, parndalon zbokthin dhe ka nj\u00eb efekt qet\u00ebsues n\u00eb skalp.<\/p>\n<p>10 x 7.5 ml<\/p>\n","protected":false},"excerpt":{"rendered":"<p>TREATMENT, BIOACTIVE HAIR TREATMENT, ANTIFORFORA<br \/>\nZgjidhje trikologjike q\u00eb n\u00eb saj\u00eb t\u00eb veprimit t\u00eb kombinuar t\u00eb p\u00ebrb\u00ebr\u00ebsve t\u00eb saj aktiv, duke p\u00ebrfshir\u00eb Sulphur, Witch Hazel ekstrakt dhe Panthenol, rregullon prodhimin e yndyr\u00ebs, parndalon zbokthin dhe ka nj\u00eb efekt qet\u00ebsues n\u00eb skalp.<\/p>\n<p>10 x 7.5 ml<\/p>\n","protected":false},"featured_media":5640,"comment_status":"open","ping_status":"closed","template":"","meta":[],"product_brand":[],"product_cat":[122],"product_tag":[],"class_list":{"0":"post-6334","1":"product","2":"type-product","3":"status-publish","4":"has-post-thumbnail","6":"product_cat-farmagan","8":"first","9":"instock","10":"shipping-taxable","11":"product-type-simple"},"_links":{"self":[{"href":"https:\/\/staging.megapharm.al\/index.php?rest_route=\/wp\/v2\/product\/6334","targetHints":{"allow":["GET"]}}],"collection":[{"href":"https:\/\/staging.megapharm.al\/index.php?rest_route=\/wp\/v2\/product"}],"about":[{"href":"https:\/\/staging.megapharm.al\/index.php?rest_route=\/wp\/v2\/types\/product"}],"replies":[{"embeddable":true,"href":"https:\/\/staging.megapharm.al\/index.php?rest_route=%2Fwp%2Fv2%2Fcomments&post=6334"}],"wp:featuredmedia":[{"embeddable":true,"href":"https:\/\/staging.megapharm.al\/index.php?rest_route=\/wp\/v2\/media\/5640"}],"wp:attachment":[{"href":"https:\/\/staging.megapharm.al\/index.php?rest_route=%2Fwp%2Fv2%2Fmedia&parent=6334"}],"wp:term":[{"taxonomy":"product_brand","embeddable":true,"href":"https:\/\/staging.megapharm.al\/index.php?rest_route=%2Fwp%2Fv2%2Fproduct_brand&post=6334"},{"taxonomy":"product_cat","embeddable":true,"href":"https:\/\/staging.megapharm.al\/index.php?rest_route=%2Fwp%2Fv2%2Fproduct_cat&post=6334"},{"taxonomy":"product_tag","embeddable":true,"href":"https:\/\/staging.megapharm.al\/index.php?rest_route=%2Fwp%2Fv2%2Fproduct_tag&post=6334"}],"curies":[{"name":"wp","href":"https:\/\/api.w.org\/{rel}","templated":true}]}}