{"id":6329,"date":"2021-01-24T10:35:51","date_gmt":"2021-01-24T10:35:51","guid":{"rendered":"http:\/\/staging.megapharm.al\/\/index.php\/product\/import-placeholder-for-2512\/"},"modified":"2021-01-24T10:35:56","modified_gmt":"2021-01-24T10:35:56","slug":"fiale-coadiuvanti-anticaduta-trajtimi-i-bioaktive","status":"publish","type":"product","link":"https:\/\/staging.megapharm.al\/?product=fiale-coadiuvanti-anticaduta-trajtimi-i-bioaktive","title":{"rendered":"FIALE COADIUVANTI ANTICADUTA TRAJTIMI I BIOAKTIVE"},"content":{"rendered":"<p>P\u00ebrgatitja me ekstrakte vegjetale t\u00eb Achillea, Fanfara, China Rossa dhe Provitamin B5.<br \/>\nP\u00ebrdorimi i saj ndihmon n\u00eb zvog\u00eblimin e humbjes s\u00eb flok\u00ebve, duke respektuar struktur\u00ebn e keratinit t\u00eb flok\u00ebve, t\u00eb dob\u00ebt dhe t\u00eb that\u00eb.<br \/>\n10 x 7,5 ml<br \/>\n1 x 7,5 m<br \/>\nMenyra e perdorimit :<br \/>\nRekomandohet t\u00eb aplikohet locion n\u00eb l\u00ebkur\u00ebn e kok\u00ebs t\u00eb pastruar m\u00eb par\u00eb me shampo BIOACTIVE ANTICADUTA<br \/>\nP\u00ebrmbajtja e ampules duhet t\u00eb shp\u00ebrndahet me nj\u00eb masazh t\u00eb leht\u00eb derisa l\u00ebngu t\u00eb absorbohet plot\u00ebsisht ne skalp,vazhdoni me aplikimin nj\u00eb ampule 2-3 her\u00eb n\u00eb jav\u00eb p\u00ebr 6-8 jav\u00eb.P\u00ebr nj\u00eb veprim parandalues ne sugjerojm\u00eb aplikimin e OLIO ESSENZIALE ANTICADUTAn\u00eb shishe sipas metodave specifike t\u00eb aplikimit.P\u00ebrs\u00ebriteni trajtimin t\u00eb pakt\u00ebn dy her\u00eb n\u00eb vit n\u00eb pranver\u00eb dhe n\u00eb vjesht\u00eb.<\/p>\n","protected":false},"excerpt":{"rendered":"<p>P\u00ebrgatitja me ekstrakte vegjetale t\u00eb Achillea, Fanfara, China Rossa dhe Provitamin B5.<br \/>\nP\u00ebrdorimi i saj ndihmon n\u00eb zvog\u00eblimin e humbjes s\u00eb flok\u00ebve, duke respektuar struktur\u00ebn e keratinit t\u00eb flok\u00ebve, t\u00eb dob\u00ebt dhe t\u00eb that\u00eb.<br \/>\n10 x 7,5 ml<br \/>\n1 x 7,5 m<br \/>\nMenyra e perdorimit :<br \/>\nRekomandohet t\u00eb aplikohet locion n\u00eb l\u00ebkur\u00ebn e kok\u00ebs t\u00eb pastruar m\u00eb par\u00eb me shampo BIOACTIVE ANTICADUTA<br \/>\nP\u00ebrmbajtja e ampules duhet t\u00eb shp\u00ebrndahet me nj\u00eb masazh t\u00eb leht\u00eb derisa l\u00ebngu t\u00eb absorbohet plot\u00ebsisht ne skalp,vazhdoni me aplikimin nj\u00eb ampule 2-3 her\u00eb n\u00eb jav\u00eb p\u00ebr 6-8 jav\u00eb.P\u00ebr nj\u00eb veprim parandalues ne sugjerojm\u00eb aplikimin e OLIO ESSENZIALE ANTICADUTAn\u00eb shishe sipas metodave specifike t\u00eb aplikimit.P\u00ebrs\u00ebriteni trajtimin t\u00eb pakt\u00ebn dy her\u00eb n\u00eb vit n\u00eb pranver\u00eb dhe n\u00eb vjesht\u00eb.<\/p>\n","protected":false},"featured_media":5635,"comment_status":"open","ping_status":"closed","template":"","meta":[],"product_brand":[],"product_cat":[122],"product_tag":[],"class_list":{"0":"post-6329","1":"product","2":"type-product","3":"status-publish","4":"has-post-thumbnail","6":"product_cat-farmagan","8":"first","9":"instock","10":"shipping-taxable","11":"product-type-simple"},"_links":{"self":[{"href":"https:\/\/staging.megapharm.al\/index.php?rest_route=\/wp\/v2\/product\/6329","targetHints":{"allow":["GET"]}}],"collection":[{"href":"https:\/\/staging.megapharm.al\/index.php?rest_route=\/wp\/v2\/product"}],"about":[{"href":"https:\/\/staging.megapharm.al\/index.php?rest_route=\/wp\/v2\/types\/product"}],"replies":[{"embeddable":true,"href":"https:\/\/staging.megapharm.al\/index.php?rest_route=%2Fwp%2Fv2%2Fcomments&post=6329"}],"wp:featuredmedia":[{"embeddable":true,"href":"https:\/\/staging.megapharm.al\/index.php?rest_route=\/wp\/v2\/media\/5635"}],"wp:attachment":[{"href":"https:\/\/staging.megapharm.al\/index.php?rest_route=%2Fwp%2Fv2%2Fmedia&parent=6329"}],"wp:term":[{"taxonomy":"product_brand","embeddable":true,"href":"https:\/\/staging.megapharm.al\/index.php?rest_route=%2Fwp%2Fv2%2Fproduct_brand&post=6329"},{"taxonomy":"product_cat","embeddable":true,"href":"https:\/\/staging.megapharm.al\/index.php?rest_route=%2Fwp%2Fv2%2Fproduct_cat&post=6329"},{"taxonomy":"product_tag","embeddable":true,"href":"https:\/\/staging.megapharm.al\/index.php?rest_route=%2Fwp%2Fv2%2Fproduct_tag&post=6329"}],"curies":[{"name":"wp","href":"https:\/\/api.w.org\/{rel}","templated":true}]}}