{"id":6328,"date":"2021-01-24T10:35:50","date_gmt":"2021-01-24T10:35:50","guid":{"rendered":"http:\/\/staging.megapharm.al\/\/index.php\/product\/import-placeholder-for-2511\/"},"modified":"2021-01-24T10:35:56","modified_gmt":"2021-01-24T10:35:56","slug":"olio-essenziale-anticaduta-trajtimi-i-bioactive","status":"publish","type":"product","link":"https:\/\/staging.megapharm.al\/?product=olio-essenziale-anticaduta-trajtimi-i-bioactive","title":{"rendered":"OLIO ESSENZIALE ANTICADUTA TRAJTIMI I BIOACTIVE"},"content":{"rendered":"<p>Vaj esencial kund\u00ebr renies se flok\u00ebve p\u00ebrmban nj\u00eb p\u00ebrzierje t\u00eb p\u00ebrzgjedhur t\u00eb vajrave esenciale dhe p\u00ebrb\u00ebr\u00ebsve aktiv\u00eb t\u00eb ve\u00e7ant\u00eb p\u00ebr t\u00eb luftuar humbjen e flok\u00ebve.<br \/>\n\u00c7do element me veprim specifik kontribuon n\u00eb p\u00ebrmir\u00ebsimin funksional te skalpit, duke favorizuar riparimin e flokeve.<br \/>\nN\u00eb ve\u00e7anti, p\u00ebr t\u00eb marr\u00eb k\u00ebt\u00eb efekt ekziston shumllojsheri vajrash spcifike (bergamot, kanell\u00eb, eukalipt, karafil, livando, rozmarin\u00eb, pisha, trumz\u00eb dhe nenexhik).<br \/>\nJo SLES &#8211; SLS<br \/>\nToleranc\u00eb e lart\u00eb<br \/>\nNikeli, Kobalt, Kromi, Palladium, Testi i Merkurit<\/p>\n","protected":false},"excerpt":{"rendered":"<p>Vaj esencial kund\u00ebr renies se flok\u00ebve p\u00ebrmban nj\u00eb p\u00ebrzierje t\u00eb p\u00ebrzgjedhur t\u00eb vajrave esenciale dhe p\u00ebrb\u00ebr\u00ebsve aktiv\u00eb t\u00eb ve\u00e7ant\u00eb p\u00ebr t\u00eb luftuar humbjen e flok\u00ebve.<br \/>\n\u00c7do element me veprim specifik kontribuon n\u00eb p\u00ebrmir\u00ebsimin funksional te skalpit, duke favorizuar riparimin e flokeve.<br \/>\nN\u00eb ve\u00e7anti, p\u00ebr t\u00eb marr\u00eb k\u00ebt\u00eb efekt ekziston shumllojsheri vajrash spcifike (bergamot, kanell\u00eb, eukalipt, karafil, livando, rozmarin\u00eb, pisha, trumz\u00eb dhe nenexhik).<br \/>\nJo SLES &#8211; SLS<br \/>\nToleranc\u00eb e lart\u00eb<br \/>\nNikeli, Kobalt, Kromi, Palladium, Testi i Merkurit<\/p>\n","protected":false},"featured_media":5634,"comment_status":"open","ping_status":"closed","template":"","meta":[],"product_brand":[],"product_cat":[122],"product_tag":[],"class_list":{"0":"post-6328","1":"product","2":"type-product","3":"status-publish","4":"has-post-thumbnail","6":"product_cat-farmagan","8":"first","9":"instock","10":"shipping-taxable","11":"product-type-simple"},"_links":{"self":[{"href":"https:\/\/staging.megapharm.al\/index.php?rest_route=\/wp\/v2\/product\/6328","targetHints":{"allow":["GET"]}}],"collection":[{"href":"https:\/\/staging.megapharm.al\/index.php?rest_route=\/wp\/v2\/product"}],"about":[{"href":"https:\/\/staging.megapharm.al\/index.php?rest_route=\/wp\/v2\/types\/product"}],"replies":[{"embeddable":true,"href":"https:\/\/staging.megapharm.al\/index.php?rest_route=%2Fwp%2Fv2%2Fcomments&post=6328"}],"wp:featuredmedia":[{"embeddable":true,"href":"https:\/\/staging.megapharm.al\/index.php?rest_route=\/wp\/v2\/media\/5634"}],"wp:attachment":[{"href":"https:\/\/staging.megapharm.al\/index.php?rest_route=%2Fwp%2Fv2%2Fmedia&parent=6328"}],"wp:term":[{"taxonomy":"product_brand","embeddable":true,"href":"https:\/\/staging.megapharm.al\/index.php?rest_route=%2Fwp%2Fv2%2Fproduct_brand&post=6328"},{"taxonomy":"product_cat","embeddable":true,"href":"https:\/\/staging.megapharm.al\/index.php?rest_route=%2Fwp%2Fv2%2Fproduct_cat&post=6328"},{"taxonomy":"product_tag","embeddable":true,"href":"https:\/\/staging.megapharm.al\/index.php?rest_route=%2Fwp%2Fv2%2Fproduct_tag&post=6328"}],"curies":[{"name":"wp","href":"https:\/\/api.w.org\/{rel}","templated":true}]}}