{"id":6273,"date":"2021-01-24T10:35:25","date_gmt":"2021-01-24T10:35:25","guid":{"rendered":"http:\/\/staging.megapharm.al\/\/index.php\/product\/import-placeholder-for-2388\/"},"modified":"2024-11-01T15:06:02","modified_gmt":"2024-11-01T15:06:02","slug":"dermastir-twister-serum-me-retinol-30-cps","status":"publish","type":"product","link":"https:\/\/staging.megapharm.al\/?product=dermastir-twister-serum-me-retinol-30-cps","title":{"rendered":"DERMASTIR TWISTER SERUM me retinol      30 cps"},"content":{"rendered":"<p>Serum antimosh\u00eb n\u00eb form\u00eb kapsule nj\u00ebp\u00ebrdorimeshe me retinol dhe skualan.<\/p>\n<p>P\u00ebrb\u00ebr\u00ebsit:\u00a0 retinol(vitamin A), skualan, caj\u00a0 ibardh\u00eb,<\/p>\n<p>P\u00ebrdorimi: K\u00ebpusni kapsul\u00ebn dhe aplikoheni me masazh n\u00eb fytyr\u00eb n\u00eb dark\u00eb.<\/p>\n","protected":false},"excerpt":{"rendered":"<p>Serum antimosh\u00eb n\u00eb form\u00eb kapsule nj\u00ebp\u00ebrdorimeshe me retinol dhe skualan.<\/p>\n<p>P\u00ebrb\u00ebr\u00ebsit:\u00a0 retinol(vitamin A), skualan, caj\u00a0 ibardh\u00eb,<\/p>\n<p>P\u00ebrdorimi: K\u00ebpusni kapsul\u00ebn dhe aplikoheni me masazh n\u00eb fytyr\u00eb n\u00eb dark\u00eb.<\/p>\n","protected":false},"featured_media":5583,"comment_status":"open","ping_status":"closed","template":"","meta":[],"product_brand":[],"product_cat":[126],"product_tag":[],"class_list":{"0":"post-6273","1":"product","2":"type-product","3":"status-publish","4":"has-post-thumbnail","6":"product_cat-dermastir","8":"first","9":"instock","10":"shipping-taxable","11":"product-type-simple"},"_links":{"self":[{"href":"https:\/\/staging.megapharm.al\/index.php?rest_route=\/wp\/v2\/product\/6273","targetHints":{"allow":["GET"]}}],"collection":[{"href":"https:\/\/staging.megapharm.al\/index.php?rest_route=\/wp\/v2\/product"}],"about":[{"href":"https:\/\/staging.megapharm.al\/index.php?rest_route=\/wp\/v2\/types\/product"}],"replies":[{"embeddable":true,"href":"https:\/\/staging.megapharm.al\/index.php?rest_route=%2Fwp%2Fv2%2Fcomments&post=6273"}],"wp:featuredmedia":[{"embeddable":true,"href":"https:\/\/staging.megapharm.al\/index.php?rest_route=\/wp\/v2\/media\/5583"}],"wp:attachment":[{"href":"https:\/\/staging.megapharm.al\/index.php?rest_route=%2Fwp%2Fv2%2Fmedia&parent=6273"}],"wp:term":[{"taxonomy":"product_brand","embeddable":true,"href":"https:\/\/staging.megapharm.al\/index.php?rest_route=%2Fwp%2Fv2%2Fproduct_brand&post=6273"},{"taxonomy":"product_cat","embeddable":true,"href":"https:\/\/staging.megapharm.al\/index.php?rest_route=%2Fwp%2Fv2%2Fproduct_cat&post=6273"},{"taxonomy":"product_tag","embeddable":true,"href":"https:\/\/staging.megapharm.al\/index.php?rest_route=%2Fwp%2Fv2%2Fproduct_tag&post=6273"}],"curies":[{"name":"wp","href":"https:\/\/api.w.org\/{rel}","templated":true}]}}