{"id":6249,"date":"2021-01-24T10:35:13","date_gmt":"2021-01-24T10:35:13","guid":{"rendered":"http:\/\/staging.megapharm.al\/\/index.php\/product\/import-placeholder-for-2364\/"},"modified":"2021-01-24T10:35:20","modified_gmt":"2021-01-24T10:35:20","slug":"dermastir-wrinkle-filler-krem-per-mbushjen-e-rrudhave-30-ml","status":"publish","type":"product","link":"https:\/\/staging.megapharm.al\/?product=dermastir-wrinkle-filler-krem-per-mbushjen-e-rrudhave-30-ml","title":{"rendered":"DERMASTIR WRINKLE FILLER (Krem per mbushjen e rrudhave) 30 ml"},"content":{"rendered":"<p>Trajtim antirrudh\u00eb dhe mbush\u00ebs i rrudhave.Prania e p\u00ebrb\u00ebr\u00ebsve miorelaksues mund\u00ebson relaksimin dhe zbutjen e rrudhave sip\u00ebrfaq\u00ebsore direkt pas aplikimit. Ndihmon n\u00eb reduktimin e pamjes\u00a0 s\u00eb poreve dhe shenjave.i p\u00ebrshtatsh\u00ebm p\u00ebr cdo mosh\u00eb dhe tip l\u00ebkure.<\/p>\n<p>P\u00ebrb\u00ebr\u00ebsit:vitamine B3, bisabolol, acid hialuronik esktrakte bimesh si arctium lappa, phellinus linteus, piper methysticum, pueraria thunbergiana,.<\/p>\n<p>P\u00ebrdorimi: Aplikojeni n\u00eb m\u00ebngjes dhe dark\u00eb n\u00eb rrudha t\u00eb fytyr\u00ebs qaf\u00ebs dhe dekoltes\u00eb.<\/p>\n","protected":false},"excerpt":{"rendered":"<p>Trajtim antirrudh\u00eb dhe mbush\u00ebs i rrudhave.Prania e p\u00ebrb\u00ebr\u00ebsve miorelaksues mund\u00ebson relaksimin dhe zbutjen e rrudhave sip\u00ebrfaq\u00ebsore direkt pas aplikimit. Ndihmon n\u00eb reduktimin e pamjes\u00a0 s\u00eb poreve dhe shenjave.i p\u00ebrshtatsh\u00ebm p\u00ebr cdo mosh\u00eb dhe tip l\u00ebkure.<\/p>\n<p>P\u00ebrb\u00ebr\u00ebsit:vitamine B3, bisabolol, acid hialuronik esktrakte bimesh si arctium lappa, phellinus linteus, piper methysticum, pueraria thunbergiana,.<\/p>\n<p>P\u00ebrdorimi: Aplikojeni n\u00eb m\u00ebngjes dhe dark\u00eb n\u00eb rrudha t\u00eb fytyr\u00ebs qaf\u00ebs dhe dekoltes\u00eb.<\/p>\n","protected":false},"featured_media":5560,"comment_status":"open","ping_status":"closed","template":"","meta":[],"product_brand":[],"product_cat":[126],"product_tag":[],"class_list":{"0":"post-6249","1":"product","2":"type-product","3":"status-publish","4":"has-post-thumbnail","6":"product_cat-dermastir","8":"first","9":"instock","10":"shipping-taxable","11":"product-type-simple"},"_links":{"self":[{"href":"https:\/\/staging.megapharm.al\/index.php?rest_route=\/wp\/v2\/product\/6249","targetHints":{"allow":["GET"]}}],"collection":[{"href":"https:\/\/staging.megapharm.al\/index.php?rest_route=\/wp\/v2\/product"}],"about":[{"href":"https:\/\/staging.megapharm.al\/index.php?rest_route=\/wp\/v2\/types\/product"}],"replies":[{"embeddable":true,"href":"https:\/\/staging.megapharm.al\/index.php?rest_route=%2Fwp%2Fv2%2Fcomments&post=6249"}],"wp:featuredmedia":[{"embeddable":true,"href":"https:\/\/staging.megapharm.al\/index.php?rest_route=\/wp\/v2\/media\/5560"}],"wp:attachment":[{"href":"https:\/\/staging.megapharm.al\/index.php?rest_route=%2Fwp%2Fv2%2Fmedia&parent=6249"}],"wp:term":[{"taxonomy":"product_brand","embeddable":true,"href":"https:\/\/staging.megapharm.al\/index.php?rest_route=%2Fwp%2Fv2%2Fproduct_brand&post=6249"},{"taxonomy":"product_cat","embeddable":true,"href":"https:\/\/staging.megapharm.al\/index.php?rest_route=%2Fwp%2Fv2%2Fproduct_cat&post=6249"},{"taxonomy":"product_tag","embeddable":true,"href":"https:\/\/staging.megapharm.al\/index.php?rest_route=%2Fwp%2Fv2%2Fproduct_tag&post=6249"}],"curies":[{"name":"wp","href":"https:\/\/api.w.org\/{rel}","templated":true}]}}